{"id":879,"date":"2017-01-31T12:43:30","date_gmt":"2017-01-31T11:43:30","guid":{"rendered":"http:\/\/www.konstkluster.se\/konstforening\/?page_id=879"},"modified":"2018-04-23T11:56:13","modified_gmt":"2018-04-23T09:56:13","slug":"arrangemang-2017","status":"publish","type":"page","link":"https:\/\/www.konstkluster.se\/konstforening\/arrangemang-2017\/","title":{"rendered":"Arrangemang 2017"},"content":{"rendered":"<p>I samband med konstutlottningen i december 2016 ombads medlemmarna uttrycka vad de ville att f\u00f6reningen skulle fokusera p\u00e5 under 2017 och fram\u00e5t. Detta underlag anv\u00e4nder nu styrelsen som en bas f\u00f6r att planera och iscens\u00e4tta verksamhets\u00e5ret 2017.<br \/>\nSe denna fil f\u00f6r hela resultatet:\u00a0<a href=\"https:\/\/www.konstkluster.se\/konstforening\/wp-content\/uploads\/2017\/01\/Resultat-Vad-vill-vi-ha.pdf\" class=\"mtli_attachment mtli_pdf\">Sammanst\u00e4llning<\/a><\/p>\n<p>2017-03-09 torsdag kl 18:30\u00a0Tr\u00e4ffpunkten, Solh\u00f6jden \u00d6cker\u00f6<br \/>\n<a href=\"https:\/\/www.konstkluster.se\/konstforening\/arsmote-2017\/\"><strong>\u00c5rsm\u00f6te<\/strong><\/a><\/p>\n<p>201<span style=\"color: #000000;\">7-03-28\u00a0&#8212; .. 5 tisdagskv\u00e4llar<\/span> p\u00e5 Hedens skola, H\u00f6n\u00f6<br \/>\n<a href=\"https:\/\/www.konstkluster.se\/konstforening\/teckna-med-noak\/\"><strong>Studiecirkel<\/strong><\/a>\u00a0Teckna med NOAK<\/p>\n<p>2017-04-05 onsdag 18:00 Smedjegatans atelj\u00e9 i G\u00f6teborg<br \/>\n<strong><a href=\"https:\/\/www.konstkluster.se\/konstforening\/ateljebesok-hos-thomas-willard\/\">Atelj\u00e9bes\u00f6k<\/a>\u00a0<\/strong>hos\u00a0Thomas Willard<\/p>\n<p>2017-05-03 onsdag 18:30 Anitas atelj\u00e9 p\u00e5 H\u00e4ls\u00f6<br \/>\n<strong><a href=\"https:\/\/www.konstkluster.se\/konstforening\/ateljebesok-hos-anita-steiner\/\">Atelj\u00e9bes\u00f6k<\/a>\u00a0<\/strong>hos\u00a0Anita Steiner<\/p>\n<p>2017 under slutet av maj m\u00e5nad utskickas r\u00f6stningsmail<br \/>\n<strong><a href=\"https:\/\/www.konstkluster.se\/konstforening\/inkomna-logga-forslag\/\">Inkomna logga-f\u00f6rslag<\/a><\/strong><\/p>\n<p>2017 n\u00e5gra utomhustr\u00e4ffar under sommar o tidig h\u00f6st\u00a0p\u00e5 H\u00f6n\u00f6<br \/>\n<strong><a href=\"https:\/\/www.konstkluster.se\/konstforening\/naturmalning-sommar-2017\/\">Naturm\u00e5lning<\/a><\/strong><\/p>\n<p>2017-09-03 s\u00f6ndag 14:00-16:00 F\u00e4rjen\u00e4s konstverkstad i G\u00f6teborg<br \/>\n<strong><a href=\"https:\/\/www.konstkluster.se\/konstforening\/ateljebesok-hos-morgan-ekeras\/\">Atelj\u00e9bes\u00f6k<\/a>\u00a0<\/strong>hos Morgan Eker\u00e5s<\/p>\n<p>201<span style=\"color: #000000;\">7-09-30\u00a0&#8212; .. 3 l\u00f6rdagsf\u00f6rmiddagar p\u00e5 Hedens skola, H\u00f6n\u00f6<\/span><br \/>\n<strong><a href=\"https:\/\/www.konstkluster.se\/konstforening\/mala-stilleben-med-noak\/\">Studiecirkel<\/a><\/strong>\u00a0M\u00e5la stilleben med NOAK<\/p>\n<p>2017-10-11 onsdag 17:00 Bildverkstan p\u00e5 Ring\u00f6n i G\u00f6teborg<br \/>\n<a href=\"https:\/\/www.konstkluster.se\/konstforening\/ateljebesok-hos-jurgen-asp\/\"><strong>Atelj\u00e9bes\u00f6k<\/strong> <\/a>hos\u00a0J\u00fcrgen Asp<\/p>\n<p>2017-11-19 s\u00f6ndag 14:00 \u00c5ngpannegatans atelj\u00e9 i G\u00f6teborg<br \/>\n<a href=\"https:\/\/www.konstkluster.se\/konstforening\/ateljebesok-hos-alexandra-hedberg\/\"><strong>Atelj\u00e9bes\u00f6k<\/strong> <\/a>hos\u00a0Alexandra Hedberg<\/p>\n<p>2017-11-23 torsdag kl 17:00 Utst\u00e4llningshallen, \u00d6cker\u00f6 bibliotek<br \/>\n<strong><a href=\"https:\/\/www.konstkluster.se\/konstforening\/konstutlottningskvall-2311-17-kl-1700\/\">Konstutlottningskv\u00e4ll<\/a><\/strong><\/p>\n<p><a href=\"https:\/\/www.konstkluster.se\/konstforening\/wp-content\/uploads\/2015\/08\/FUlogoKV-Gbg.png\" rel=\"attachment wp-att-82\"><img loading=\"lazy\" decoding=\"async\" class=\"size-medium wp-image-82 alignleft\" src=\"https:\/\/www.konstkluster.se\/konstforening\/wp-content\/uploads\/2015\/08\/FUlogoKV-Gbg-300x37.png\" alt=\"Folkuniversitetet i G\u00f6teborg\" width=\"300\" height=\"37\" srcset=\"https:\/\/www.konstkluster.se\/konstforening\/wp-content\/uploads\/2015\/08\/FUlogoKV-Gbg-300x37.png 300w, https:\/\/www.konstkluster.se\/konstforening\/wp-content\/uploads\/2015\/08\/FUlogoKV-Gbg-825x105.png 825w, https:\/\/www.konstkluster.se\/konstforening\/wp-content\/uploads\/2015\/08\/FUlogoKV-Gbg.png 855w\" sizes=\"auto, (max-width: 300px) 100vw, 300px\" \/><\/a><\/p>\n<p>&nbsp;<br \/>\n&nbsp;<\/p>\n<hr \/>\n","protected":false},"excerpt":{"rendered":"<p>I samband med konstutlottningen i december 2016 ombads medlemmarna uttrycka vad de ville att f\u00f6reningen skulle fokusera p\u00e5 under 2017 och fram\u00e5t. Detta underlag anv\u00e4nder nu styrelsen som en bas f\u00f6r att planera och iscens\u00e4tta verksamhets\u00e5ret 2017. Se denna fil f\u00f6r hela resultatet:\u00a0Sammanst\u00e4llning 2017-03-09 torsdag kl 18:30\u00a0Tr\u00e4ffpunkten, Solh\u00f6jden \u00d6cker\u00f6 \u00c5rsm\u00f6te 2017-03-28\u00a0&#8212; .. 5 tisdagskv\u00e4llar p\u00e5 &hellip; <a href=\"https:\/\/www.konstkluster.se\/konstforening\/arrangemang-2017\/\" class=\"more-link\">Forts\u00e4tt l\u00e4sa <span class=\"screen-reader-text\">Arrangemang 2017<\/span><\/a><\/p>\n","protected":false},"author":2,"featured_media":0,"parent":0,"menu_order":0,"comment_status":"closed","ping_status":"closed","template":"","meta":{"footnotes":""},"class_list":["post-879","page","type-page","status-publish","hentry"],"_links":{"self":[{"href":"https:\/\/www.konstkluster.se\/konstforening\/wp-json\/wp\/v2\/pages\/879","targetHints":{"allow":["GET"]}}],"collection":[{"href":"https:\/\/www.konstkluster.se\/konstforening\/wp-json\/wp\/v2\/pages"}],"about":[{"href":"https:\/\/www.konstkluster.se\/konstforening\/wp-json\/wp\/v2\/types\/page"}],"author":[{"embeddable":true,"href":"https:\/\/www.konstkluster.se\/konstforening\/wp-json\/wp\/v2\/users\/2"}],"replies":[{"embeddable":true,"href":"https:\/\/www.konstkluster.se\/konstforening\/wp-json\/wp\/v2\/comments?post=879"}],"version-history":[{"count":32,"href":"https:\/\/www.konstkluster.se\/konstforening\/wp-json\/wp\/v2\/pages\/879\/revisions"}],"predecessor-version":[{"id":1364,"href":"https:\/\/www.konstkluster.se\/konstforening\/wp-json\/wp\/v2\/pages\/879\/revisions\/1364"}],"wp:attachment":[{"href":"https:\/\/www.konstkluster.se\/konstforening\/wp-json\/wp\/v2\/media?parent=879"}],"curies":[{"name":"wp","href":"https:\/\/api.w.org\/{rel}","templated":true}]}}