{"id":256,"date":"2016-02-19T19:37:41","date_gmt":"2016-02-19T18:37:41","guid":{"rendered":"http:\/\/www.konstkluster.se\/konstforening\/?page_id=256"},"modified":"2016-05-25T10:53:39","modified_gmt":"2016-05-25T08:53:39","slug":"ateljebesok-204-16-kl-1700","status":"publish","type":"page","link":"https:\/\/www.konstkluster.se\/konstforening\/ateljebesok-204-16-kl-1700\/","title":{"rendered":"Atelj\u00e9bes\u00f6k hos Sarah Lycksten"},"content":{"rendered":"<p>S\u00e5v\u00e4l medlemmar som \u00f6vriga intresserade \u00e4r varmt v\u00e4lkomna till ett atelj\u00e9bes\u00f6k hos fotokonstn\u00e4r <strong>Sarah Lycksten<\/strong>.<\/p>\n<p><strong>Tid:<\/strong>\u00a0onsdag 20 april 2016\u00a0kl 18:30<br \/>\n<strong>Plats:<\/strong>\u00a0Galleri G\u00e5rda (G\u00e5rdav\u00e4gen 37 p\u00e5 H\u00f6n\u00f6, se <a href=\"https:\/\/www.google.se\/maps\/place\/G%C3%A5rdav%C3%A4gen+37,+475+42+H%C3%B6n%C3%B6\/@57.6910923,11.6459678,18z\/data=!4m2!3m1!1s0x464f8f84c58622a5:0x11d2913f203f977f?hl=sv\" target=\"_blank\">karta<\/a>)<br \/>\n<strong>Kostnad:<\/strong>\u00a080 SEK betalas med\u00a0Swish eller\u00a0kontant direkt p\u00e5 plats.<\/p>\n<p><strong>Anm\u00e4lan &amp; \u00f6vrig info:<\/strong><br \/>\nSkriv ett\u00a0<a href=\"mailto:konstforening@konstkluster.se\">mail<\/a> till konstf\u00f6reningen eller ring till Margareta Frid p\u00e5 tfn 0709 93 93 01.<br \/>\nSista anm\u00e4lningsdatum: 16 april<br \/>\nMax antal platser: 20 st<br \/>\nTips: Kl\u00e4 dig g\u00e4rna varmt, d\u00e5 galleriet inte \u00e4r isolerat.<\/p>\n<p><a href=\"https:\/\/www.konstkluster.se\/konstforening\/resforslag\/\">Resef\u00f6rslag<\/a>:\u00a0bussar &amp; f\u00e4rjetider.<\/p>\n<p><a href=\"https:\/\/www.konstkluster.se\/konstforening\/wp-content\/uploads\/2016\/02\/me.jpg\" rel=\"attachment wp-att-259\"><img loading=\"lazy\" decoding=\"async\" class=\"alignright size-medium wp-image-259\" src=\"https:\/\/www.konstkluster.se\/konstforening\/wp-content\/uploads\/2016\/02\/me-300x300.jpg\" alt=\"Sarah Lycksten\" width=\"300\" height=\"300\" srcset=\"https:\/\/www.konstkluster.se\/konstforening\/wp-content\/uploads\/2016\/02\/me-300x300.jpg 300w, https:\/\/www.konstkluster.se\/konstforening\/wp-content\/uploads\/2016\/02\/me-150x150.jpg 150w, https:\/\/www.konstkluster.se\/konstforening\/wp-content\/uploads\/2016\/02\/me-768x767.jpg 768w, https:\/\/www.konstkluster.se\/konstforening\/wp-content\/uploads\/2016\/02\/me.jpg 801w\" sizes=\"auto, (max-width: 300px) 100vw, 300px\" \/><\/a>Sarah Lycksten jobbar som konstfotograf och erbjuder kurser i gammaldags fototekniker. De senaste \u00e5ren har hon bland annat dokumenterat \u00f6arna i en bok \u201c\u00d6a\u201d och byggt om sin gamla lag\u00e5rd p\u00e5 H\u00f6n\u00f6 till galleri. Den 20:de april \u00e4r vi v\u00e4lkomna till Galleri G\u00e5rda. Sarah visar ett urval av sina alster och ber\u00e4ttar mer om varf\u00f6r hon envisas med att anv\u00e4nda sig av dessa omst\u00e4ndliga och ober\u00e4kneliga fotometoder. Det bjuds p\u00e5 kaffe, sm\u00f6rg\u00e5s och hembakt fika.<\/p>\n<p>L\u00e4s mer om Galleri G\u00e5rda:\u00a0<a href=\"http:\/\/www.gallerigarda.se\/\" target=\"_blank\">hemsida<\/a> respektive <a href=\"https:\/\/www.facebook.com\/Galleri-G%C3%A5rda-utst%C3%A4llningar-g%C3%A5rdsbutik-402532899907230\/?fref=ts\" target=\"_blank\">Facebook<br \/>\n<\/a>L\u00e4s mer om Sarahs fotokonst: <a href=\"http:\/\/www.sarahfoto.com\/\" target=\"_blank\">hemsida<\/a> respektive <a href=\"https:\/\/www.facebook.com\/SarahLyckstenPhotography\/?fref=ts\" target=\"_blank\">Facebook<br \/>\n<\/a><br \/>\n<a href=\"https:\/\/www.konstkluster.se\/konstforening\/wp-content\/uploads\/2015\/08\/FUlogoKV-Gbg.png\" rel=\"attachment wp-att-82\"><img loading=\"lazy\" decoding=\"async\" class=\"size-medium wp-image-82 alignleft\" src=\"https:\/\/www.konstkluster.se\/konstforening\/wp-content\/uploads\/2015\/08\/FUlogoKV-Gbg-300x37.png\" alt=\"Folkuniversitetet i G\u00f6teborg\" width=\"300\" height=\"37\" srcset=\"https:\/\/www.konstkluster.se\/konstforening\/wp-content\/uploads\/2015\/08\/FUlogoKV-Gbg-300x37.png 300w, https:\/\/www.konstkluster.se\/konstforening\/wp-content\/uploads\/2015\/08\/FUlogoKV-Gbg-825x105.png 825w, https:\/\/www.konstkluster.se\/konstforening\/wp-content\/uploads\/2015\/08\/FUlogoKV-Gbg.png 855w\" sizes=\"auto, (max-width: 300px) 100vw, 300px\" \/><\/a><\/p>\n<p>&nbsp;<\/p>\n<hr \/>\n","protected":false},"excerpt":{"rendered":"<p>S\u00e5v\u00e4l medlemmar som \u00f6vriga intresserade \u00e4r varmt v\u00e4lkomna till ett atelj\u00e9bes\u00f6k hos fotokonstn\u00e4r Sarah Lycksten. Tid:\u00a0onsdag 20 april 2016\u00a0kl 18:30 Plats:\u00a0Galleri G\u00e5rda (G\u00e5rdav\u00e4gen 37 p\u00e5 H\u00f6n\u00f6, se karta) Kostnad:\u00a080 SEK betalas med\u00a0Swish eller\u00a0kontant direkt p\u00e5 plats. Anm\u00e4lan &amp; \u00f6vrig info: Skriv ett\u00a0mail till konstf\u00f6reningen eller ring till Margareta Frid p\u00e5 tfn 0709 93 93 01. &hellip; <a href=\"https:\/\/www.konstkluster.se\/konstforening\/ateljebesok-204-16-kl-1700\/\" class=\"more-link\">Forts\u00e4tt l\u00e4sa <span class=\"screen-reader-text\">Atelj\u00e9bes\u00f6k hos Sarah Lycksten<\/span><\/a><\/p>\n","protected":false},"author":2,"featured_media":0,"parent":0,"menu_order":0,"comment_status":"closed","ping_status":"closed","template":"","meta":{"footnotes":""},"class_list":["post-256","page","type-page","status-publish","hentry"],"_links":{"self":[{"href":"https:\/\/www.konstkluster.se\/konstforening\/wp-json\/wp\/v2\/pages\/256","targetHints":{"allow":["GET"]}}],"collection":[{"href":"https:\/\/www.konstkluster.se\/konstforening\/wp-json\/wp\/v2\/pages"}],"about":[{"href":"https:\/\/www.konstkluster.se\/konstforening\/wp-json\/wp\/v2\/types\/page"}],"author":[{"embeddable":true,"href":"https:\/\/www.konstkluster.se\/konstforening\/wp-json\/wp\/v2\/users\/2"}],"replies":[{"embeddable":true,"href":"https:\/\/www.konstkluster.se\/konstforening\/wp-json\/wp\/v2\/comments?post=256"}],"version-history":[{"count":25,"href":"https:\/\/www.konstkluster.se\/konstforening\/wp-json\/wp\/v2\/pages\/256\/revisions"}],"predecessor-version":[{"id":623,"href":"https:\/\/www.konstkluster.se\/konstforening\/wp-json\/wp\/v2\/pages\/256\/revisions\/623"}],"wp:attachment":[{"href":"https:\/\/www.konstkluster.se\/konstforening\/wp-json\/wp\/v2\/media?parent=256"}],"curies":[{"name":"wp","href":"https:\/\/api.w.org\/{rel}","templated":true}]}}