{"id":2449,"date":"2020-06-08T15:52:10","date_gmt":"2020-06-08T13:52:10","guid":{"rendered":"http:\/\/www.konstkluster.se\/konstforening\/?page_id=2449"},"modified":"2021-08-24T20:07:39","modified_gmt":"2021-08-24T18:07:39","slug":"naturvandring","status":"publish","type":"page","link":"https:\/\/www.konstkluster.se\/konstforening\/naturvandring\/","title":{"rendered":"Vandring p\u00e5 Hyppeln"},"content":{"rendered":"\n<p>I brist p\u00e5 m\u00f6jligheter att anordna den typ av arrangemang, som vi vill kunna erbjuda i v\u00e5r konstf\u00f6rening &#8211; s\u00e5 inbjuder vi nu till en vandring p\u00e5 Hyppeln i G\u00f6teborgs norra sk\u00e4rg\u00e5rd. Vi har f\u00e5tt \u00f6nskem\u00e5l fr\u00e5n v\u00e5ra medlemmar att \u00e5tminstone anordna n\u00e5gon form av tr\u00e4ff under dessa corona-tider med alla dess restriktioner, s\u00e5 d\u00e4rf\u00f6r ser vi nu fram emot att tr\u00e4ffa er utomhus. <\/p>\n\n\n\n<p>Ta g\u00e4rna med er egen fika.<\/p>\n\n\n\n<p><strong>Datum<\/strong>: onsdag 24 juni 2020<br><strong>Tid:<\/strong>\u00a0 Vi tr\u00e4ffas vid Bur\u00f6 f\u00e4rjel\u00e4ge kl 09:30, f\u00e4rjan g\u00e5r 09:45 <br><strong>Avgift<\/strong>: gratis<\/p>\n\n\n\n<p>Ingen anm\u00e4lan, varmt v\u00e4lkommen att bara dyka upp!<\/p>\n","protected":false},"excerpt":{"rendered":"<p>I brist p\u00e5 m\u00f6jligheter att anordna den typ av arrangemang, som vi vill kunna erbjuda i v\u00e5r konstf\u00f6rening &#8211; s\u00e5 inbjuder vi nu till en vandring p\u00e5 Hyppeln i G\u00f6teborgs norra sk\u00e4rg\u00e5rd. Vi har f\u00e5tt \u00f6nskem\u00e5l fr\u00e5n v\u00e5ra medlemmar att \u00e5tminstone anordna n\u00e5gon form av tr\u00e4ff under dessa corona-tider med alla dess restriktioner, s\u00e5 d\u00e4rf\u00f6r &hellip; <a href=\"https:\/\/www.konstkluster.se\/konstforening\/naturvandring\/\" class=\"more-link\">Forts\u00e4tt l\u00e4sa <span class=\"screen-reader-text\">Vandring p\u00e5 Hyppeln<\/span><\/a><\/p>\n","protected":false},"author":2,"featured_media":0,"parent":0,"menu_order":0,"comment_status":"closed","ping_status":"closed","template":"","meta":{"footnotes":""},"class_list":["post-2449","page","type-page","status-publish","hentry"],"_links":{"self":[{"href":"https:\/\/www.konstkluster.se\/konstforening\/wp-json\/wp\/v2\/pages\/2449","targetHints":{"allow":["GET"]}}],"collection":[{"href":"https:\/\/www.konstkluster.se\/konstforening\/wp-json\/wp\/v2\/pages"}],"about":[{"href":"https:\/\/www.konstkluster.se\/konstforening\/wp-json\/wp\/v2\/types\/page"}],"author":[{"embeddable":true,"href":"https:\/\/www.konstkluster.se\/konstforening\/wp-json\/wp\/v2\/users\/2"}],"replies":[{"embeddable":true,"href":"https:\/\/www.konstkluster.se\/konstforening\/wp-json\/wp\/v2\/comments?post=2449"}],"version-history":[{"count":6,"href":"https:\/\/www.konstkluster.se\/konstforening\/wp-json\/wp\/v2\/pages\/2449\/revisions"}],"predecessor-version":[{"id":2713,"href":"https:\/\/www.konstkluster.se\/konstforening\/wp-json\/wp\/v2\/pages\/2449\/revisions\/2713"}],"wp:attachment":[{"href":"https:\/\/www.konstkluster.se\/konstforening\/wp-json\/wp\/v2\/media?parent=2449"}],"curies":[{"name":"wp","href":"https:\/\/api.w.org\/{rel}","templated":true}]}}