{"id":237,"date":"2016-02-19T18:20:38","date_gmt":"2016-02-19T17:20:38","guid":{"rendered":"http:\/\/www.konstkluster.se\/konstforening\/?page_id=237"},"modified":"2016-03-04T10:35:07","modified_gmt":"2016-03-04T09:35:07","slug":"arsmote-inkl-foredrag-103-16-kl-1800","status":"publish","type":"page","link":"https:\/\/www.konstkluster.se\/konstforening\/arsmote-inkl-foredrag-103-16-kl-1800\/","title":{"rendered":"\u00c5rsm\u00f6te inkl f\u00f6redrag av Anita Steiner"},"content":{"rendered":"<p>Alla medlemmar och ni som funderar p\u00e5 att bli medlemmar h\u00e4lsas v\u00e4lkomna till v\u00e5r konstf\u00f6renings allra f\u00f6rsta \u00e5rsm\u00f6te.<\/p>\n<p><strong>Tid:<\/strong>\u00a0kl 18:00 torsdag 10 mars\u00a02016<br \/>\n<strong>Plats:<\/strong>\u00a0T\u00f6ns-Annas (samlingslokal p\u00e5 \u00d6cker\u00f6 hembygdsg\u00e5rd, se <a href=\"https:\/\/www.google.se\/maps\/place\/Bygdev%C3%A4gen+17,+475+32+%C3%96cker%C3%B6\/@57.7068634,11.642286,17z\/data=!3m1!4b1!4m7!1m4!3m3!1s0x464f8f7c5bccc195:0x8feaed50463d139e!2zw5Zja2Vyw7Yga3lya2E!3b1!3m1!1s0x464f8f7c68e4087b:0xd922249c5ffde11a\" target=\"_blank\">karta<\/a>)<br \/>\n<strong>Anm\u00e4lan<\/strong>: Dyk bara upp, trevligt att du kommer! (..det \u00e4r m\u00f6jligt att via ett Facebook-<a href=\"https:\/\/www.facebook.com\/947539065312689\/photos\/gm.1716809968605194\/959404264126169\/?type=3&amp;theater\" target=\"_blank\">event <\/a>visa att du kommer, men inte alls n\u00f6dv\u00e4ndigt.)<br \/>\n<strong>Kostnad<\/strong>: Gratis.<\/p>\n<p>I samband med f\u00f6reningens \u00e5rsm\u00f6te kommer <strong>Anita Steiner<\/strong> att h\u00e5lla ett f\u00f6redrag.<\/p>\n<p><em>\u201dDet blev en bok sedan flera p\u00e5 grund av Ostindiefararen G\u00f6theborg\u201d<\/em><\/p>\n<p>Anita\u00a0kommer att ber\u00e4tta om varf\u00f6r hon b\u00f6rjade skriva och illustrera bildhistoriska b\u00f6cker och om\u00a0v\u00e5gspelet med \u201dJacob seglar till Kina\u201d innan den utgavs.<\/p>\n<p><a href=\"https:\/\/www.konstkluster.se\/konstforening\/wp-content\/uploads\/2016\/02\/Anita_Steiner.jpg\" rel=\"attachment wp-att-240\"><img loading=\"lazy\" decoding=\"async\" class=\"alignright size-full wp-image-240\" src=\"https:\/\/www.konstkluster.se\/konstforening\/wp-content\/uploads\/2016\/02\/Anita_Steiner.jpg\" alt=\"Anita Bergendahl-Steiner\" width=\"184\" height=\"235\" \/><\/a>Anita arbetar som f\u00f6rfattare och konstn\u00e4r genom att skriva och illustrera b\u00f6cker. Hennes\u00a0barndom var full av pennor, kritor och papper\u00a0och detta \u00e4r hennes tillvaro ocks\u00e5 nu n\u00e4r hon bor p\u00e5 H\u00e4ls\u00f6 och har atelj\u00e9 i sin bostad.<\/p>\n<p>Senare i v\u00e5r st\u00e4ller\u00a0Anita ut sina emaljer, akvareller, oljor och originalteckningar fr\u00e5n utgr\u00e4vningen av ostindiefararen <em>G\u00f6theborg<\/em>. Det blir vernissage den 16 april i utst\u00e4llningshallen p\u00e5 \u00d6cker\u00f6 bibliotek. Mer information finns p\u00e5 Anitas\u00a0<a href=\"http:\/\/www.jacob-seglar-till-kina.se\/21553560\" target=\"_blank\">hemsida<\/a>.<\/p>\n<p><a href=\"https:\/\/www.konstkluster.se\/konstforening\/wp-content\/uploads\/2015\/08\/FUlogoKV-Gbg.png\" rel=\"attachment wp-att-82\"><img loading=\"lazy\" decoding=\"async\" class=\"size-medium wp-image-82 alignleft\" src=\"https:\/\/www.konstkluster.se\/konstforening\/wp-content\/uploads\/2015\/08\/FUlogoKV-Gbg-300x37.png\" alt=\"Folkuniversitetet i G\u00f6teborg\" width=\"300\" height=\"37\" srcset=\"https:\/\/www.konstkluster.se\/konstforening\/wp-content\/uploads\/2015\/08\/FUlogoKV-Gbg-300x37.png 300w, https:\/\/www.konstkluster.se\/konstforening\/wp-content\/uploads\/2015\/08\/FUlogoKV-Gbg-825x105.png 825w, https:\/\/www.konstkluster.se\/konstforening\/wp-content\/uploads\/2015\/08\/FUlogoKV-Gbg.png 855w\" sizes=\"auto, (max-width: 300px) 100vw, 300px\" \/><\/a><\/p>\n<p>&nbsp;<\/p>\n<p>&nbsp;<\/p>\n<hr \/>\n","protected":false},"excerpt":{"rendered":"<p>Alla medlemmar och ni som funderar p\u00e5 att bli medlemmar h\u00e4lsas v\u00e4lkomna till v\u00e5r konstf\u00f6renings allra f\u00f6rsta \u00e5rsm\u00f6te. Tid:\u00a0kl 18:00 torsdag 10 mars\u00a02016 Plats:\u00a0T\u00f6ns-Annas (samlingslokal p\u00e5 \u00d6cker\u00f6 hembygdsg\u00e5rd, se karta) Anm\u00e4lan: Dyk bara upp, trevligt att du kommer! (..det \u00e4r m\u00f6jligt att via ett Facebook-event visa att du kommer, men inte alls n\u00f6dv\u00e4ndigt.) Kostnad: Gratis. &hellip; <a href=\"https:\/\/www.konstkluster.se\/konstforening\/arsmote-inkl-foredrag-103-16-kl-1800\/\" class=\"more-link\">Forts\u00e4tt l\u00e4sa <span class=\"screen-reader-text\">\u00c5rsm\u00f6te inkl f\u00f6redrag av Anita Steiner<\/span><\/a><\/p>\n","protected":false},"author":2,"featured_media":0,"parent":0,"menu_order":0,"comment_status":"closed","ping_status":"closed","template":"","meta":{"footnotes":""},"class_list":["post-237","page","type-page","status-publish","hentry"],"_links":{"self":[{"href":"https:\/\/www.konstkluster.se\/konstforening\/wp-json\/wp\/v2\/pages\/237","targetHints":{"allow":["GET"]}}],"collection":[{"href":"https:\/\/www.konstkluster.se\/konstforening\/wp-json\/wp\/v2\/pages"}],"about":[{"href":"https:\/\/www.konstkluster.se\/konstforening\/wp-json\/wp\/v2\/types\/page"}],"author":[{"embeddable":true,"href":"https:\/\/www.konstkluster.se\/konstforening\/wp-json\/wp\/v2\/users\/2"}],"replies":[{"embeddable":true,"href":"https:\/\/www.konstkluster.se\/konstforening\/wp-json\/wp\/v2\/comments?post=237"}],"version-history":[{"count":21,"href":"https:\/\/www.konstkluster.se\/konstforening\/wp-json\/wp\/v2\/pages\/237\/revisions"}],"predecessor-version":[{"id":323,"href":"https:\/\/www.konstkluster.se\/konstforening\/wp-json\/wp\/v2\/pages\/237\/revisions\/323"}],"wp:attachment":[{"href":"https:\/\/www.konstkluster.se\/konstforening\/wp-json\/wp\/v2\/media?parent=237"}],"curies":[{"name":"wp","href":"https:\/\/api.w.org\/{rel}","templated":true}]}}