{"id":2365,"date":"2020-01-16T14:30:11","date_gmt":"2020-01-16T13:30:11","guid":{"rendered":"http:\/\/www.konstkluster.se\/konstforening\/?page_id=2365"},"modified":"2021-08-25T13:54:34","modified_gmt":"2021-08-25T11:54:34","slug":"arrangemang-2020","status":"publish","type":"page","link":"https:\/\/www.konstkluster.se\/konstforening\/arrangemang-2020\/","title":{"rendered":"Arrangemang 2020"},"content":{"rendered":"<p><span style=\"color: #ff0000;\"><em>Under h\u00f6sten-vintern 2020 forts\u00e4tter vi i v\u00e5r str\u00e4van att f\u00f6rs\u00f6ka hj\u00e4lpa till med att bromsa spridningen av Coronaviruset* och st\u00e4ller d\u00e4rf\u00f6r in delar av v\u00e5r verksamhet.<\/em><\/span><\/p>\n<pre><span style=\"color: #ff0000;\"><em>'* viruset ben\u00e4mns severe acute respiratory syndrome coronavirus 2 (SARS-CoV-2), och sjukdomen \u201dCOVID-19\u201d (COrona VIral Disease)<\/em><\/span><\/pre>\n<p><span style=\"color: #ff0000;\"><em>Vi informerar l\u00f6pande &#8211; h\u00e4r p\u00e5 v\u00e5r hemsida &#8211; om vilka utav v\u00e5ra tr\u00e4ffar\/arrangemang som drabbas<\/em>.<\/span><\/p>\n<p>2020-02-08 \u2014 .. 7 st l\u00f6rdagsf\u00f6rmiddagar p\u00e5 Hedens skola, H\u00f6n\u00f6<br data-rich-text-line-break=\"true\"><strong><a href=\"https:\/\/www.konstkluster.se\/konstforening\/teckna-mala-med-noak-vt-20\/\">Studiecirkel<\/a><\/strong>&nbsp;Teckna &amp; m\u00e5la med NOAK<br><em><span style=\"color: #ff0000;\">V\u00e5rens resterande tr\u00e4ffar \u00e4r inst\u00e4llda pga Corona.<\/span><\/em><\/p>\n\n\n<p>2020-02-27 torsdag kl 18:00 Nya Kroken i Kl\u00f4va<br><strong><a href=\"https:\/\/www.konstkluster.se\/konstforening\/arsmote-2020\/\">\u00c5rsm\u00f6te<\/a><\/strong><\/p>\n\n\n<p>2020-04-15 onsdag kl 18:00 Sockerbruket\/Klippan i G\u00f6teborg<br \/><strong>Atelj\u00e9bes\u00f6k<\/strong> hos Lars Eje Larsson<br \/><span style=\"color: #ff0000;\"><em>Inst\u00e4llt pga Corona.<\/em><\/span><\/p>\n<p>2020-04-25 \u2014 .. 2 st heldagar i bildsalen p\u00e5 Hedens skola, H\u00f6n\u00f6<br data-rich-text-line-break=\"true\" \/><strong>Helgkurs i akvarell<\/strong>\u00a0med Morgan Eker\u00e5s som kursledare<br \/><em><span style=\"color: #ff0000;\">Inst\u00e4llt pga Corona.<\/span><\/em><\/p>\n<p>2020-05-12 \u2014 2020-06-26 Utst\u00e4llningshallen, \u00d6cker\u00f6 bibliotek<br data-rich-text-line-break=\"true\" \/><strong>Konstutst\u00e4llning<\/strong>\/<strong>v\u00e5rsalong <\/strong>av NOAKs medlemmar<br \/><em><span style=\"color: #ff0000;\">Inst\u00e4llt pga Corona.<\/span><\/em><\/p>\n<p>2020-06-24 onsdag kl 09:30 Hyppeln &#8211; i G\u00f6teborgs norra sk\u00e4rg\u00e5rd<br \/><a href=\"https:\/\/www.konstkluster.se\/konstforening\/naturvandring\/\"><strong>Vandring p\u00e5 Hyppeln<\/strong><\/a><\/p>\n<p>2020-07-30 \u2014 .. 4 st torsdagar kl 11:00 p\u00e5 H\u00f6n\u00f6<br \/><a href=\"https:\/\/www.konstkluster.se\/konstforening\/naturmalning-med-sigvard-kunni\/\"><strong>Naturm\u00e5lning med Sigvard Kunni<\/strong><\/a><\/p>\n<p>2020-10-03 \u2014 .. 2 st heldagar i bildsalen p\u00e5 Hedens skola, H\u00f6n\u00f6<br data-rich-text-line-break=\"true\" \/><strong>Helgkurs i akvarell<\/strong>\u00a0med Morgan Eker\u00e5s som kursledare<br \/><em><span style=\"color: #ff0000;\">Inst\u00e4llt pga Corona.<\/span><\/em><\/p>\n<p>2020-10-28 namn\u00e4ndringsfr\u00e5ga till medlemmarna<br \/><a href=\"https:\/\/www.konstkluster.se\/konstforening\/extra-arsmote-2020\/\"><b>Extra \u00e5rsm\u00f6te<\/b><\/a><\/p>\n<p>2020 i okt\/nov? Sockerbruket\/Klippan i G\u00f6teborg<br \/><strong>Atelj\u00e9bes\u00f6k<\/strong> hos Lars Eje Larsson<br \/><em><span style=\"color: #ff0000;\">Inst\u00e4llt pga Corona.<\/span><\/em><\/p>\n<p>2020-12-10 torsdag kl 17:00 Utst\u00e4llningshallen, \u00d6cker\u00f6 bibliotek<br \/><strong>Konstutlottningskv\u00e4ll<br \/><\/strong><em><span style=\"color: #ff0000;\">Inst\u00e4llt pga Corona.<\/span><\/em><strong><br \/><\/strong><\/p>\n<p>2020-12-19 l\u00f6rdag Utst\u00e4llningshallen, \u00d6cker\u00f6 bibliotek<br \/><strong>Vernissage <a href=\"https:\/\/www.konstkluster.se\/konstforening\/konstutstallning-av-noaks-medlemmar-dec19-feb20\/\">Vintersalong<\/a><\/strong> f\u00f6r NOAKs medlemmar<br \/><em><span style=\"color: #ff0000;\">Inst\u00e4llt pga Corona.<\/span><\/em><\/p>\n<p><a href=\"https:\/\/www.konstkluster.se\/konstforening\/wp-content\/uploads\/2015\/08\/FUlogoKV-Gbg.png\" rel=\"attachment wp-att-82\"><img loading=\"lazy\" decoding=\"async\" class=\"size-medium wp-image-82 alignleft\" src=\"https:\/\/www.konstkluster.se\/konstforening\/wp-content\/uploads\/2015\/08\/FUlogoKV-Gbg-300x37.png\" alt=\"Folkuniversitetet i G\u00f6teborg\" width=\"300\" height=\"37\" srcset=\"https:\/\/www.konstkluster.se\/konstforening\/wp-content\/uploads\/2015\/08\/FUlogoKV-Gbg-300x37.png 300w, https:\/\/www.konstkluster.se\/konstforening\/wp-content\/uploads\/2015\/08\/FUlogoKV-Gbg-825x105.png 825w, https:\/\/www.konstkluster.se\/konstforening\/wp-content\/uploads\/2015\/08\/FUlogoKV-Gbg.png 855w\" sizes=\"auto, (max-width: 300px) 100vw, 300px\" \/><\/a><\/p>\n<hr \/>\n\n\n<p>     <\/p>\n","protected":false},"excerpt":{"rendered":"<p>Under h\u00f6sten-vintern 2020 forts\u00e4tter vi i v\u00e5r str\u00e4van att f\u00f6rs\u00f6ka hj\u00e4lpa till med att bromsa spridningen av Coronaviruset* och st\u00e4ller d\u00e4rf\u00f6r in delar av v\u00e5r verksamhet. &#8217;* viruset ben\u00e4mns severe acute respiratory syndrome coronavirus 2 (SARS-CoV-2), och sjukdomen \u201dCOVID-19\u201d (COrona VIral Disease) Vi informerar l\u00f6pande &#8211; h\u00e4r p\u00e5 v\u00e5r hemsida &#8211; om vilka utav v\u00e5ra &hellip; <a href=\"https:\/\/www.konstkluster.se\/konstforening\/arrangemang-2020\/\" class=\"more-link\">Forts\u00e4tt l\u00e4sa <span class=\"screen-reader-text\">Arrangemang 2020<\/span><\/a><\/p>\n","protected":false},"author":2,"featured_media":0,"parent":0,"menu_order":0,"comment_status":"closed","ping_status":"closed","template":"","meta":{"footnotes":""},"class_list":["post-2365","page","type-page","status-publish","hentry"],"_links":{"self":[{"href":"https:\/\/www.konstkluster.se\/konstforening\/wp-json\/wp\/v2\/pages\/2365","targetHints":{"allow":["GET"]}}],"collection":[{"href":"https:\/\/www.konstkluster.se\/konstforening\/wp-json\/wp\/v2\/pages"}],"about":[{"href":"https:\/\/www.konstkluster.se\/konstforening\/wp-json\/wp\/v2\/types\/page"}],"author":[{"embeddable":true,"href":"https:\/\/www.konstkluster.se\/konstforening\/wp-json\/wp\/v2\/users\/2"}],"replies":[{"embeddable":true,"href":"https:\/\/www.konstkluster.se\/konstforening\/wp-json\/wp\/v2\/comments?post=2365"}],"version-history":[{"count":58,"href":"https:\/\/www.konstkluster.se\/konstforening\/wp-json\/wp\/v2\/pages\/2365\/revisions"}],"predecessor-version":[{"id":2723,"href":"https:\/\/www.konstkluster.se\/konstforening\/wp-json\/wp\/v2\/pages\/2365\/revisions\/2723"}],"wp:attachment":[{"href":"https:\/\/www.konstkluster.se\/konstforening\/wp-json\/wp\/v2\/media?parent=2365"}],"curies":[{"name":"wp","href":"https:\/\/api.w.org\/{rel}","templated":true}]}}