{"id":2291,"date":"2019-09-18T10:27:29","date_gmt":"2019-09-18T08:27:29","guid":{"rendered":"http:\/\/www.konstkluster.se\/konstforening\/?page_id=2291"},"modified":"2019-09-18T11:11:08","modified_gmt":"2019-09-18T09:11:08","slug":"ateljebesok-hos-hans-soderberg","status":"publish","type":"page","link":"https:\/\/www.konstkluster.se\/konstforening\/ateljebesok-hos-hans-soderberg\/","title":{"rendered":"Atelj\u00e9bes\u00f6k hos Hans S\u00f6derberg"},"content":{"rendered":"\n<p>Bes\u00f6ket hos Hans kommer att bil lite improviserat, det \u00e4r s\u00e5 han jobbar som konstn\u00e4r. Hans visar teknik och material och hur han arbetar fr\u00e5n en tom yta till f\u00e4rdigt konstverk. Han kommer ocks\u00e5 att ber\u00e4tta hur han kombinerar sitt arbete som designer och konstn\u00e4r. Det blir ofta en mix av konst och design. Han m\u00e5lar abstrakt konst p\u00e5 pl\u00e5t vilket ger en alldeles speciell effekt.<\/p>\n\n\n\n<p><strong>Tid:<\/strong> Onsdag 2 oktober 2019 kl 18:00<br><strong>Plats:<\/strong> The Art Galleri &amp; Atelj\u00e9 (V\u00e4stra v\u00e4gen 2  i H\u00f6n\u00f6 Kl\u00e5va, se <a rel=\"noreferrer noopener\" href=\"https:\/\/www.google.se\/maps\/place\/H%C3%B6n%C3%B6+Konsthall\/@57.6949467,11.6553887,17z\/data=!3m1!4b1!4m5!3m4!1s0x464f8fa84aa44c53:0x95f57c4cb31d12fd!8m2!3d57.6949467!4d11.6575774?hl=en&amp;authuser=0\" target=\"_blank\">karta<\/a>)<br><strong>Kostnad:&nbsp;<\/strong>(betalas med&nbsp;<a href=\"https:\/\/www.konstkluster.se\/konstforening\/inbetalning\/\">swish<\/a>&nbsp;eller&nbsp;kontant direkt p\u00e5 plats)<br>F\u00f6r medlemmar: 80 SEK<br>F\u00f6r icke-medlemmar: 100 SEK<\/p>\n\n\n\n<p><strong>Anm\u00e4lan &amp; \u00f6vrig info:<\/strong><br>Skriv ett&nbsp;<a rel=\"noreferrer noopener\" aria-label=\" (\u00f6ppnas i en ny flik)\" href=\"mailto:marianne.sernhede@telia.com\" target=\"_blank\">mail<\/a> eller ring till  Marianne Sernhede p\u00e5 tfn  0705228860.<br>Sista anm\u00e4lningsdatum: 2019-09-29<br>Max antal platser: 20 st<\/p>\n\n\n\n<p>Hans bjuder p\u00e5 fika med n\u00e5got tilltugg.<\/p>\n\n\n\n<ul class=\"wp-block-gallery columns-3 is-cropped wp-block-gallery-1 is-layout-flex wp-block-gallery-is-layout-flex\"><li class=\"blocks-gallery-item\"><figure><img loading=\"lazy\" decoding=\"async\" width=\"951\" height=\"1024\" src=\"https:\/\/www.konstkluster.se\/konstforening\/wp-content\/uploads\/2019\/09\/Akryl-130x150cm-951x1024.jpg\" alt=\"\" data-id=\"2296\" data-link=\"https:\/\/www.konstkluster.se\/konstforening\/olympus-digital-camera\/\" class=\"wp-image-2296\" srcset=\"https:\/\/www.konstkluster.se\/konstforening\/wp-content\/uploads\/2019\/09\/Akryl-130x150cm-951x1024.jpg 951w, https:\/\/www.konstkluster.se\/konstforening\/wp-content\/uploads\/2019\/09\/Akryl-130x150cm-279x300.jpg 279w, https:\/\/www.konstkluster.se\/konstforening\/wp-content\/uploads\/2019\/09\/Akryl-130x150cm-768x827.jpg 768w\" sizes=\"auto, (max-width: 951px) 100vw, 951px\" \/><\/figure><\/li><li class=\"blocks-gallery-item\"><figure><img loading=\"lazy\" decoding=\"async\" width=\"1024\" height=\"921\" src=\"https:\/\/www.konstkluster.se\/konstforening\/wp-content\/uploads\/2019\/09\/Bl.teknik-40x35cm-1024x921.jpg\" alt=\"\" data-id=\"2297\" data-link=\"https:\/\/www.konstkluster.se\/konstforening\/olympus-digital-camera-2\/\" class=\"wp-image-2297\" srcset=\"https:\/\/www.konstkluster.se\/konstforening\/wp-content\/uploads\/2019\/09\/Bl.teknik-40x35cm-1024x921.jpg 1024w, https:\/\/www.konstkluster.se\/konstforening\/wp-content\/uploads\/2019\/09\/Bl.teknik-40x35cm-300x270.jpg 300w, https:\/\/www.konstkluster.se\/konstforening\/wp-content\/uploads\/2019\/09\/Bl.teknik-40x35cm-768x690.jpg 768w\" sizes=\"auto, (max-width: 1024px) 100vw, 1024px\" \/><\/figure><\/li><li class=\"blocks-gallery-item\"><figure><img loading=\"lazy\" decoding=\"async\" width=\"765\" height=\"1024\" src=\"https:\/\/www.konstkluster.se\/konstforening\/wp-content\/uploads\/2019\/09\/Bl.teknik-50x65cm-765x1024.jpg\" alt=\"\" data-id=\"2298\" data-link=\"https:\/\/www.konstkluster.se\/konstforening\/olympus-digital-camera-3\/\" class=\"wp-image-2298\" srcset=\"https:\/\/www.konstkluster.se\/konstforening\/wp-content\/uploads\/2019\/09\/Bl.teknik-50x65cm-765x1024.jpg 765w, https:\/\/www.konstkluster.se\/konstforening\/wp-content\/uploads\/2019\/09\/Bl.teknik-50x65cm-224x300.jpg 224w, https:\/\/www.konstkluster.se\/konstforening\/wp-content\/uploads\/2019\/09\/Bl.teknik-50x65cm-768x1028.jpg 768w, https:\/\/www.konstkluster.se\/konstforening\/wp-content\/uploads\/2019\/09\/Bl.teknik-50x65cm.jpg 1761w\" sizes=\"auto, (max-width: 765px) 100vw, 765px\" \/><\/figure><\/li><li class=\"blocks-gallery-item\"><figure><img loading=\"lazy\" decoding=\"async\" width=\"813\" height=\"1024\" src=\"https:\/\/www.konstkluster.se\/konstforening\/wp-content\/uploads\/2019\/09\/Bl.teknik-120x140cm-813x1024.jpg\" alt=\"\" data-id=\"2299\" data-link=\"https:\/\/www.konstkluster.se\/konstforening\/olympus-digital-camera-4\/\" class=\"wp-image-2299\" srcset=\"https:\/\/www.konstkluster.se\/konstforening\/wp-content\/uploads\/2019\/09\/Bl.teknik-120x140cm-813x1024.jpg 813w, https:\/\/www.konstkluster.se\/konstforening\/wp-content\/uploads\/2019\/09\/Bl.teknik-120x140cm-238x300.jpg 238w, https:\/\/www.konstkluster.se\/konstforening\/wp-content\/uploads\/2019\/09\/Bl.teknik-120x140cm-768x967.jpg 768w\" sizes=\"auto, (max-width: 813px) 100vw, 813px\" \/><\/figure><\/li><\/ul>\n\n\n\n<p>Hans har haft sin atelj\u00e9\u00a0 p\u00e5 Kl\u00e5va i 15 &#8211; 20\u00a0 \u00e5r\u00a0 och har haft sina utst\u00e4llningar i sin egna atelj\u00e9 under \u00e5ren.\u00a0 Men har i \u00e5r st\u00e4llt ut p\u00e5 internationella konstn\u00e4rsm\u00e4ssor p\u00e5 Gothia och Sollentuna. I helgen efter v\u00e5rt bes\u00f6k st\u00e4ller han ut i Stockholm. <\/p>\n\n\n\n<p>Titta g\u00e4rna in p\u00e5 Hans <a rel=\"noreferrer noopener\" aria-label=\"hemsida  (\u00f6ppnas i en ny flik)\" href=\"http:\/\/www.hanssoderberg.se\/\" target=\"_blank\">hemsida <\/a>och <a href=\"https:\/\/www.facebook.com\/hans.soderberg.391\" target=\"_blank\" rel=\"noreferrer noopener\" aria-label=\"Facebook (\u00f6ppnas i en ny flik)\">Facebook<\/a>.<\/p>\n\n\n<p><a href=\"https:\/\/www.konstkluster.se\/konstforening\/wp-content\/uploads\/2015\/08\/FUlogoKV-Gbg.png\" rel=\"attachment wp-att-82\"><img loading=\"lazy\" decoding=\"async\" class=\"size-medium wp-image-82 alignleft\" src=\"https:\/\/www.konstkluster.se\/konstforening\/wp-content\/uploads\/2015\/08\/FUlogoKV-Gbg-300x37.png\" alt=\"Folkuniversitetet i G\u00f6teborg\" width=\"300\" height=\"37\" srcset=\"https:\/\/www.konstkluster.se\/konstforening\/wp-content\/uploads\/2015\/08\/FUlogoKV-Gbg-300x37.png 300w, https:\/\/www.konstkluster.se\/konstforening\/wp-content\/uploads\/2015\/08\/FUlogoKV-Gbg-825x105.png 825w, https:\/\/www.konstkluster.se\/konstforening\/wp-content\/uploads\/2015\/08\/FUlogoKV-Gbg.png 855w\" sizes=\"auto, (max-width: 300px) 100vw, 300px\" \/><\/a><\/p>\n<hr>","protected":false},"excerpt":{"rendered":"<p>Bes\u00f6ket hos Hans kommer att bil lite improviserat, det \u00e4r s\u00e5 han jobbar som konstn\u00e4r. Hans visar teknik och material och hur han arbetar fr\u00e5n en tom yta till f\u00e4rdigt konstverk. Han kommer ocks\u00e5 att ber\u00e4tta hur han kombinerar sitt arbete som designer och konstn\u00e4r. Det blir ofta en mix av konst och design. Han &hellip; <a href=\"https:\/\/www.konstkluster.se\/konstforening\/ateljebesok-hos-hans-soderberg\/\" class=\"more-link\">Forts\u00e4tt l\u00e4sa <span class=\"screen-reader-text\">Atelj\u00e9bes\u00f6k hos Hans S\u00f6derberg<\/span><\/a><\/p>\n","protected":false},"author":2,"featured_media":0,"parent":0,"menu_order":0,"comment_status":"closed","ping_status":"closed","template":"","meta":{"footnotes":""},"class_list":["post-2291","page","type-page","status-publish","hentry"],"_links":{"self":[{"href":"https:\/\/www.konstkluster.se\/konstforening\/wp-json\/wp\/v2\/pages\/2291","targetHints":{"allow":["GET"]}}],"collection":[{"href":"https:\/\/www.konstkluster.se\/konstforening\/wp-json\/wp\/v2\/pages"}],"about":[{"href":"https:\/\/www.konstkluster.se\/konstforening\/wp-json\/wp\/v2\/types\/page"}],"author":[{"embeddable":true,"href":"https:\/\/www.konstkluster.se\/konstforening\/wp-json\/wp\/v2\/users\/2"}],"replies":[{"embeddable":true,"href":"https:\/\/www.konstkluster.se\/konstforening\/wp-json\/wp\/v2\/comments?post=2291"}],"version-history":[{"count":9,"href":"https:\/\/www.konstkluster.se\/konstforening\/wp-json\/wp\/v2\/pages\/2291\/revisions"}],"predecessor-version":[{"id":2306,"href":"https:\/\/www.konstkluster.se\/konstforening\/wp-json\/wp\/v2\/pages\/2291\/revisions\/2306"}],"wp:attachment":[{"href":"https:\/\/www.konstkluster.se\/konstforening\/wp-json\/wp\/v2\/media?parent=2291"}],"curies":[{"name":"wp","href":"https:\/\/api.w.org\/{rel}","templated":true}]}}