{"id":216,"date":"2016-02-14T13:57:02","date_gmt":"2016-02-14T12:57:02","guid":{"rendered":"http:\/\/www.konstkluster.se\/konstforening\/?page_id=216"},"modified":"2021-09-22T15:12:52","modified_gmt":"2021-09-22T13:12:52","slug":"medlemsanmalan","status":"publish","type":"page","link":"https:\/\/www.konstkluster.se\/konstforening\/medlemsanmalan\/","title":{"rendered":"Medlemsanm\u00e4lan"},"content":{"rendered":"<pre><span style=\"color: #ff0000;\">OBS! Detta \u00e4r NOAKs gamla sida f\u00f6r medlemsanm\u00e4lan. OBS!\n\nEfter 2021-09-08 ska anm\u00e4lan g\u00f6ras via denna <a style=\"color: #ff0000;\" href=\"https:\/\/www.noak-ockero.se\/medlemsanmalan\/\" target=\"_blank\" rel=\"noopener\">l\u00e4nk<\/a>.<\/span><\/pre>\n<p>Fyll i samtliga obligatoriska f\u00e4lt (*).<\/p>\n<p>L\u00e4s v\u00e5ra stadgar <a href=\"https:\/\/www.konstkluster.se\/konstforening\/stadgar\/\" target=\"_blank\" rel=\"noopener\">h\u00e4r<\/a>, samt v\u00e5r integritetspolicy <a href=\"https:\/\/www.konstkluster.se\/konstforening\/noak-integritetspolicy\/\" target=\"_blank\" rel=\"noopener\">h\u00e4r<\/a>.<\/p>\n<p>Med v\u00e4nliga h\u00e4lsningar<br \/>\nNOAK styrelse<\/p>\n<hr \/>\n\n<div class=\"wpcf7 no-js\" id=\"wpcf7-f215-o1\" lang=\"sv-SE\" dir=\"ltr\" data-wpcf7-id=\"215\">\n<div class=\"screen-reader-response\"><p role=\"status\" aria-live=\"polite\" aria-atomic=\"true\"><\/p> <ul><\/ul><\/div>\n<form action=\"\/konstforening\/wp-json\/wp\/v2\/pages\/216#wpcf7-f215-o1\" method=\"post\" class=\"wpcf7-form init\" aria-label=\"Kontaktformul\u00e4r\" enctype=\"multipart\/form-data\" novalidate=\"novalidate\" data-status=\"init\">\n<fieldset class=\"hidden-fields-container\"><input type=\"hidden\" name=\"_wpcf7\" value=\"215\" \/><input type=\"hidden\" name=\"_wpcf7_version\" value=\"6.1.2\" \/><input type=\"hidden\" name=\"_wpcf7_locale\" value=\"sv_SE\" \/><input type=\"hidden\" name=\"_wpcf7_unit_tag\" value=\"wpcf7-f215-o1\" \/><input type=\"hidden\" name=\"_wpcf7_container_post\" value=\"0\" \/><input type=\"hidden\" name=\"_wpcf7_posted_data_hash\" value=\"\" \/>\n<\/fieldset>\n<p>*<span class=\"wpcf7-form-control-wrap\" data-name=\"checkbox-528_JagVillBliMedlem\"><span class=\"wpcf7-form-control wpcf7-checkbox wpcf7-validates-as-required\"><span class=\"wpcf7-list-item first last\"><label><span class=\"wpcf7-list-item-label\">Jag vill bli medlem:&nbsp;<\/span><input type=\"checkbox\" name=\"checkbox-528_JagVillBliMedlem[]\" value=\"Jag vill bli medlem:&nbsp;\" \/><\/label><\/span><\/span><\/span>\n<\/p>\n<p>*<span class=\"wpcf7-form-control-wrap\" data-name=\"checkbox-575\"><span class=\"wpcf7-form-control wpcf7-checkbox wpcf7-validates-as-required\"><span class=\"wpcf7-list-item first last\"><span class=\"wpcf7-list-item-label\">Jag godk\u00e4nner NOAKs stadgar och integritetspolicy:&nbsp;<\/span><input type=\"checkbox\" name=\"checkbox-575[]\" value=\"Jag godk\u00e4nner NOAKs stadgar och integritetspolicy:&nbsp;\" \/><\/span><\/span><\/span>\n<\/p>\n<p>*&nbsp; &nbsp; Jag vill delta i styrelsearbetet: <span class=\"wpcf7-form-control-wrap\" data-name=\"villDeltaStyrelsearbete\"><span class=\"wpcf7-form-control wpcf7-checkbox wpcf7-validates-as-required wpcf7-exclusive-checkbox\"><span class=\"wpcf7-list-item first\"><span class=\"wpcf7-list-item-label\">Ja<\/span><input type=\"checkbox\" name=\"villDeltaStyrelsearbete\" value=\"Ja\" \/><\/span><span class=\"wpcf7-list-item\"><span class=\"wpcf7-list-item-label\">Nej<\/span><input type=\"checkbox\" name=\"villDeltaStyrelsearbete\" value=\"Nej\" \/><\/span><span class=\"wpcf7-list-item last\"><span class=\"wpcf7-list-item-label\">Kanske\/Senare<\/span><input type=\"checkbox\" name=\"villDeltaStyrelsearbete\" value=\"Kanske\/Senare\" \/><\/span><\/span><\/span>\n<\/p>\n<hr \/>\n<p>* Namn\n<\/p>\n<p><span class=\"wpcf7-form-control-wrap\" data-name=\"your-name\"><input size=\"40\" maxlength=\"400\" class=\"wpcf7-form-control wpcf7-text wpcf7-validates-as-required\" aria-required=\"true\" aria-invalid=\"false\" value=\"\" type=\"text\" name=\"your-name\" \/><\/span>\n<\/p>\n<p>* Bostadsadress\n<\/p>\n<p><span class=\"wpcf7-form-control-wrap\" data-name=\"textarea-186_AdressArea\"><textarea cols=\"40\" rows=\"10\" maxlength=\"2000\" class=\"wpcf7-form-control wpcf7-textarea wpcf7-validates-as-required\" aria-required=\"true\" aria-invalid=\"false\" placeholder=\"\" name=\"textarea-186_AdressArea\"><\/textarea><\/span>\n<\/p>\n<p>* Telefon\n<\/p>\n<p><span class=\"wpcf7-form-control-wrap\" data-name=\"tel-108_tfn\"><input size=\"40\" maxlength=\"400\" class=\"wpcf7-form-control wpcf7-tel wpcf7-validates-as-required wpcf7-text wpcf7-validates-as-tel\" aria-required=\"true\" aria-invalid=\"false\" value=\"\" type=\"tel\" name=\"tel-108_tfn\" \/><\/span>\n<\/p>\n<p>* E-postadress\n<\/p>\n<p><span class=\"wpcf7-form-control-wrap\" data-name=\"your-email\"><input size=\"40\" maxlength=\"400\" class=\"wpcf7-form-control wpcf7-email wpcf7-validates-as-required wpcf7-text wpcf7-validates-as-email\" aria-required=\"true\" aria-invalid=\"false\" value=\"\" type=\"email\" name=\"your-email\" \/><\/span>\n<\/p>\n<p>Meddelandef\u00e4lt f\u00f6r \u00f6vriga upplysningar\n<\/p>\n<p><span class=\"wpcf7-form-control-wrap\" data-name=\"your-message\"><textarea cols=\"40\" rows=\"10\" maxlength=\"2000\" class=\"wpcf7-form-control wpcf7-textarea\" aria-invalid=\"false\" name=\"your-message\"><\/textarea><\/span>\n<\/p>\n<p><span class=\"wpcf7-form-control-wrap\" data-name=\"bifoga_fil\"><input size=\"40\" class=\"wpcf7-form-control wpcf7-file\" accept=\"audio\/*,video\/*,image\/*\" aria-invalid=\"false\" type=\"file\" name=\"bifoga_fil\" \/><\/span>\n<\/p>\n<p><input class=\"wpcf7-form-control wpcf7-submit has-spinner\" type=\"submit\" value=\"Skicka\" \/>\n<\/p><div class=\"wpcf7-response-output\" aria-hidden=\"true\"><\/div>\n<\/form>\n<\/div>\n\n<p>Vi skickar en bekr\u00e4ftelse p\u00e5 ditt medlemskap inom en arbetsvecka.<\/p>\n<p>PS<br \/>\nEn del e-postklienter placerar\u00a0v\u00e5ra mailutskick i inkorgen f\u00f6r spam\/junk, s\u00e5 leta efter mail ifr\u00e5n oss d\u00e4r \u2013 om du saknar dem i din vanliga inkorg.<\/p>\n<hr \/>\n","protected":false},"excerpt":{"rendered":"<p>OBS! Detta \u00e4r NOAKs gamla sida f\u00f6r medlemsanm\u00e4lan. OBS! Efter 2021-09-08 ska anm\u00e4lan g\u00f6ras via denna l\u00e4nk. Fyll i samtliga obligatoriska f\u00e4lt (*). L\u00e4s v\u00e5ra stadgar h\u00e4r, samt v\u00e5r integritetspolicy h\u00e4r. Med v\u00e4nliga h\u00e4lsningar NOAK styrelse Vi skickar en bekr\u00e4ftelse p\u00e5 ditt medlemskap inom en arbetsvecka. PS En del e-postklienter placerar\u00a0v\u00e5ra mailutskick i inkorgen f\u00f6r &hellip; <a href=\"https:\/\/www.konstkluster.se\/konstforening\/medlemsanmalan\/\" class=\"more-link\">Forts\u00e4tt l\u00e4sa <span class=\"screen-reader-text\">Medlemsanm\u00e4lan<\/span><\/a><\/p>\n","protected":false},"author":2,"featured_media":0,"parent":0,"menu_order":0,"comment_status":"closed","ping_status":"closed","template":"","meta":{"footnotes":""},"class_list":["post-216","page","type-page","status-publish","hentry"],"_links":{"self":[{"href":"https:\/\/www.konstkluster.se\/konstforening\/wp-json\/wp\/v2\/pages\/216","targetHints":{"allow":["GET"]}}],"collection":[{"href":"https:\/\/www.konstkluster.se\/konstforening\/wp-json\/wp\/v2\/pages"}],"about":[{"href":"https:\/\/www.konstkluster.se\/konstforening\/wp-json\/wp\/v2\/types\/page"}],"author":[{"embeddable":true,"href":"https:\/\/www.konstkluster.se\/konstforening\/wp-json\/wp\/v2\/users\/2"}],"replies":[{"embeddable":true,"href":"https:\/\/www.konstkluster.se\/konstforening\/wp-json\/wp\/v2\/comments?post=216"}],"version-history":[{"count":15,"href":"https:\/\/www.konstkluster.se\/konstforening\/wp-json\/wp\/v2\/pages\/216\/revisions"}],"predecessor-version":[{"id":2793,"href":"https:\/\/www.konstkluster.se\/konstforening\/wp-json\/wp\/v2\/pages\/216\/revisions\/2793"}],"wp:attachment":[{"href":"https:\/\/www.konstkluster.se\/konstforening\/wp-json\/wp\/v2\/media?parent=216"}],"curies":[{"name":"wp","href":"https:\/\/api.w.org\/{rel}","templated":true}]}}