{"id":1455,"date":"2018-07-11T19:35:06","date_gmt":"2018-07-11T17:35:06","guid":{"rendered":"http:\/\/www.konstkluster.se\/konstforening\/?page_id=1455"},"modified":"2018-11-19T08:50:05","modified_gmt":"2018-11-19T07:50:05","slug":"ateljebesok-hos-morgan-ekeras-2","status":"publish","type":"page","link":"https:\/\/www.konstkluster.se\/konstforening\/ateljebesok-hos-morgan-ekeras-2\/","title":{"rendered":"Atelj\u00e9bes\u00f6k hos Morgan Eker\u00e5s"},"content":{"rendered":"<p>S\u00e5v\u00e4l medlemmar som \u00f6vriga intresserade \u00e4r varmt v\u00e4lkomna till ett atelj\u00e9bes\u00f6k hos konstn\u00e4r\u00a0<strong>Morgan Eker\u00e5s<\/strong>\u00a0i hans nya atelj\u00e9 vid Stigbergstorget, Bangatan 10 i G\u00f6teborg. Det kommer att bli\u00a0ett sp\u00e4nnande atelj\u00e9bes\u00f6k, d\u00e4r\u00a0Morgan kommer att visa hur han g\u00f6r n\u00e4r han m\u00e5lar akvarell.<\/p>\n<p><strong>Tid:\u00a0<\/strong>Fredag 16 november 2018 kl 17:00-19:00\u00a0 <span style=\"color: #ff0000;\"><strong>OBS!<\/strong>\u00a0\u00e4ndrad dag\u00a0 \u00a0\u00a0<\/span><br \/>\n<strong>Plats:<\/strong>\u00a0Atelj\u00e9 Eker\u00e5s (Bangatan 10 i G\u00f6teborg, se <a href=\"https:\/\/www.google.se\/maps\/place\/Bangatan+10,+414+63+G%C3%B6teborg\/@57.6975848,11.9330225,17z\/data=!3m1!4b1!4m5!3m4!1s0x464ff3462b2aae79:0x74bec73f29df2f8f!8m2!3d57.6975848!4d11.9352165?hl=en&amp;authuser=0\">karta<\/a>)<br \/>\n<strong>Kostnad:\u00a0<\/strong>(betalas med\u00a0<a href=\"https:\/\/www.konstkluster.se\/konstforening\/inbetalning\/\">swish<\/a>\u00a0eller\u00a0kontant direkt p\u00e5 plats)<br \/>\nF\u00f6r medlemmar: 80 SEK<br \/>\nF\u00f6r icke-medlemmar: 100 SEK<br \/>\nF\u00f6r deltagare i Fritidskollen: gratis<\/p>\n<p><strong>Anm\u00e4lan &amp; \u00f6vrig info:<\/strong><br \/>\nSkriv ett\u00a0<a href=\"mailto:konstforening@konstkluster.se\">mail<\/a> till konstf\u00f6reningen eller ring till Margareta Frid p\u00e5 tfn 0709 93 93 01.<br \/>\nSista anm\u00e4lningsdatum: 2018-11-14<br \/>\nMax antal platser: 15\u00a0st\u00a0 <span style=\"color: #ff0000;\">\u00a0<strong>FULLBOKAT!!<\/strong><\/span><\/p>\n<p>Anm<br \/>\nTidpunkten \u00e4r \u00e4ndrad (<span style=\"color: #ff0000;\"><del>onsdag 5 september<\/del><\/span>), eftersom det varit betydligt mer renoveringsarbete \u00e4n f\u00f6rv\u00e4ntat f\u00f6r att f\u00e5 atelj\u00e9n klar tills mitten av september. Det inbokade tillf\u00e4llet var fulltecknat, i f\u00f6rsta hand kommer dessa redan anm\u00e4lda att via mail f\u00e5 en f\u00f6rfr\u00e5gan om de vill delta den 16\/11 i st\u00e4llet. F\u00f6rst till kvarn g\u00e4ller, s\u00e5 anm\u00e4l dig om du vill komma &#8211; har du tur s\u00e5 kommer det att finnas plats.<\/p>\n<hr \/>\n<p>Sedan 2003 har Morgan jobbat som undervisande konstn\u00e4r och nu i h\u00f6st kommer han att starta upp i egen regi i\u00a0ett av stadens vackraste och mest genuina sekelskifteshus. Det finns gott om parkeringsm\u00f6jligheter och sp\u00e5rvagnen stannar utanf\u00f6r.<\/p>\n<div id='gallery-1' class='gallery galleryid-1455 gallery-columns-3 gallery-size-medium'><figure class='gallery-item'>\n\t\t\t<div class='gallery-icon landscape'>\n\t\t\t\t<a href='https:\/\/www.konstkluster.se\/konstforening\/ateljebesok-hos-morgan-ekeras-2\/download-4\/'><img loading=\"lazy\" decoding=\"async\" width=\"300\" height=\"300\" src=\"https:\/\/www.konstkluster.se\/konstforening\/wp-content\/uploads\/2018\/07\/download-4-300x300.png\" class=\"attachment-medium size-medium\" alt=\"\" aria-describedby=\"gallery-1-1492\" srcset=\"https:\/\/www.konstkluster.se\/konstforening\/wp-content\/uploads\/2018\/07\/download-4-300x300.png 300w, https:\/\/www.konstkluster.se\/konstforening\/wp-content\/uploads\/2018\/07\/download-4-150x150.png 150w, https:\/\/www.konstkluster.se\/konstforening\/wp-content\/uploads\/2018\/07\/download-4.png 500w\" sizes=\"auto, (max-width: 300px) 100vw, 300px\" \/><\/a>\n\t\t\t<\/div>\n\t\t\t\t<figcaption class='wp-caption-text gallery-caption' id='gallery-1-1492'>\n\t\t\t\tMormors hus\n\t\t\t\t<\/figcaption><\/figure><figure class='gallery-item'>\n\t\t\t<div class='gallery-icon landscape'>\n\t\t\t\t<a href='https:\/\/www.konstkluster.se\/konstforening\/ateljebesok-hos-morgan-ekeras-2\/download-6\/'><img loading=\"lazy\" decoding=\"async\" width=\"300\" height=\"300\" src=\"https:\/\/www.konstkluster.se\/konstforening\/wp-content\/uploads\/2018\/07\/download-6-300x300.png\" class=\"attachment-medium size-medium\" alt=\"\" aria-describedby=\"gallery-1-1496\" srcset=\"https:\/\/www.konstkluster.se\/konstforening\/wp-content\/uploads\/2018\/07\/download-6-300x300.png 300w, https:\/\/www.konstkluster.se\/konstforening\/wp-content\/uploads\/2018\/07\/download-6-150x150.png 150w, https:\/\/www.konstkluster.se\/konstforening\/wp-content\/uploads\/2018\/07\/download-6.png 500w\" sizes=\"auto, (max-width: 300px) 100vw, 300px\" \/><\/a>\n\t\t\t<\/div>\n\t\t\t\t<figcaption class='wp-caption-text gallery-caption' id='gallery-1-1496'>\n\t\t\t\tAkvareller av Morgan Eker\u00e5s\n\t\t\t\t<\/figcaption><\/figure><figure class='gallery-item'>\n\t\t\t<div class='gallery-icon landscape'>\n\t\t\t\t<a href='https:\/\/www.konstkluster.se\/konstforening\/ateljebesok-hos-morgan-ekeras-2\/download-2\/'><img loading=\"lazy\" decoding=\"async\" width=\"300\" height=\"300\" src=\"https:\/\/www.konstkluster.se\/konstforening\/wp-content\/uploads\/2018\/07\/download-2-300x300.png\" class=\"attachment-medium size-medium\" alt=\"\" aria-describedby=\"gallery-1-1494\" srcset=\"https:\/\/www.konstkluster.se\/konstforening\/wp-content\/uploads\/2018\/07\/download-2-300x300.png 300w, https:\/\/www.konstkluster.se\/konstforening\/wp-content\/uploads\/2018\/07\/download-2-150x150.png 150w, https:\/\/www.konstkluster.se\/konstforening\/wp-content\/uploads\/2018\/07\/download-2.png 500w\" sizes=\"auto, (max-width: 300px) 100vw, 300px\" \/><\/a>\n\t\t\t<\/div>\n\t\t\t\t<figcaption class='wp-caption-text gallery-caption' id='gallery-1-1494'>\n\t\t\t\tGamla Stan\n\t\t\t\t<\/figcaption><\/figure>\n\t\t<\/div>\n\n<p>Det bjuds p\u00e5 fika.<\/p>\n<p>Morgan har utbildat sig p\u00e5 ett flertal konstskolor bl a i G\u00f6teborg och i Paris, se hans <a href=\"http:\/\/morganekeras.se\/Om-mig\/\">CV och utst\u00e4llningar<\/a>.<\/p>\n<p>Morgan har varit styrelseledamot i s\u00e5v\u00e4l KKV som KC-V\u00e4st, ut\u00f6ver medlemskap i dessa s\u00e5 \u00e4r han sedan flera \u00e5r medlem i KRO.<\/p>\n<p><a href=\"http:\/\/kkvgbg.se\/\" target=\"_blank\" rel=\"noopener noreferrer\">KKV<\/a>, Konstn\u00e4rernas Kollektivverkstad<br \/>\n<a href=\"http:\/\/www.kc-vast.se\/index.php\/Kcvast\/soek_konstnaer\/vald\/110\/\" target=\"_blank\" rel=\"noopener noreferrer\">KC-V\u00e4st<\/a>, Konstn\u00e4rscentrum V\u00e4st<br \/>\n<a href=\"http:\/\/www.kro.se\/\" target=\"_blank\" rel=\"noopener noreferrer\">KRO<\/a>, Konstn\u00e4rernas Riksorganisation<\/p>\n<p>L\u00e4s mera om Morgans atelj\u00e9er,<br \/>\nAtelj\u00e9 Eker\u00e5s och F\u00e4rjen\u00e4s konstverkstad:\u00a0<a href=\"http:\/\/morganekeras.se\/\" target=\"_blank\" rel=\"noopener noreferrer\">hemsida<\/a>\u00a0respektive\u00a0<a href=\"https:\/\/www.facebook.com\/F%C3%A4rjen%C3%A4s-Konstverkstad-1439739696328789\/?fref=ts\" target=\"_blank\" rel=\"noopener noreferrer\">Facebook<\/a><\/p>\n<p><a href=\"https:\/\/www.konstkluster.se\/konstforening\/wp-content\/uploads\/2015\/08\/FUlogoKV-Gbg.png\" rel=\"attachment wp-att-82\"><img loading=\"lazy\" decoding=\"async\" class=\"size-medium wp-image-82 alignleft\" src=\"https:\/\/www.konstkluster.se\/konstforening\/wp-content\/uploads\/2015\/08\/FUlogoKV-Gbg-300x37.png\" alt=\"Folkuniversitetet i G\u00f6teborg\" width=\"300\" height=\"37\" srcset=\"https:\/\/www.konstkluster.se\/konstforening\/wp-content\/uploads\/2015\/08\/FUlogoKV-Gbg-300x37.png 300w, https:\/\/www.konstkluster.se\/konstforening\/wp-content\/uploads\/2015\/08\/FUlogoKV-Gbg-825x105.png 825w, https:\/\/www.konstkluster.se\/konstforening\/wp-content\/uploads\/2015\/08\/FUlogoKV-Gbg.png 855w\" sizes=\"auto, (max-width: 300px) 100vw, 300px\" \/><\/a><\/p>\n<p><a href=\"https:\/\/www.konstkluster.se\/konstforening\/wp-content\/uploads\/2018\/02\/fritidskollen_logga.jpg\"><img loading=\"lazy\" decoding=\"async\" class=\"size-thumbnail wp-image-1233 alignnone\" src=\"https:\/\/www.konstkluster.se\/konstforening\/wp-content\/uploads\/2018\/02\/fritidskollen_logga-150x150.jpg\" alt=\"\" width=\"150\" height=\"150\" \/><\/a><\/p>\n<hr \/>\n","protected":false},"excerpt":{"rendered":"<p>S\u00e5v\u00e4l medlemmar som \u00f6vriga intresserade \u00e4r varmt v\u00e4lkomna till ett atelj\u00e9bes\u00f6k hos konstn\u00e4r\u00a0Morgan Eker\u00e5s\u00a0i hans nya atelj\u00e9 vid Stigbergstorget, Bangatan 10 i G\u00f6teborg. Det kommer att bli\u00a0ett sp\u00e4nnande atelj\u00e9bes\u00f6k, d\u00e4r\u00a0Morgan kommer att visa hur han g\u00f6r n\u00e4r han m\u00e5lar akvarell. Tid:\u00a0Fredag 16 november 2018 kl 17:00-19:00\u00a0 OBS!\u00a0\u00e4ndrad dag\u00a0 \u00a0\u00a0 Plats:\u00a0Atelj\u00e9 Eker\u00e5s (Bangatan 10 i G\u00f6teborg, &hellip; <a href=\"https:\/\/www.konstkluster.se\/konstforening\/ateljebesok-hos-morgan-ekeras-2\/\" class=\"more-link\">Forts\u00e4tt l\u00e4sa <span class=\"screen-reader-text\">Atelj\u00e9bes\u00f6k hos Morgan Eker\u00e5s<\/span><\/a><\/p>\n","protected":false},"author":2,"featured_media":0,"parent":0,"menu_order":0,"comment_status":"closed","ping_status":"closed","template":"","meta":{"footnotes":""},"class_list":["post-1455","page","type-page","status-publish","hentry"],"_links":{"self":[{"href":"https:\/\/www.konstkluster.se\/konstforening\/wp-json\/wp\/v2\/pages\/1455","targetHints":{"allow":["GET"]}}],"collection":[{"href":"https:\/\/www.konstkluster.se\/konstforening\/wp-json\/wp\/v2\/pages"}],"about":[{"href":"https:\/\/www.konstkluster.se\/konstforening\/wp-json\/wp\/v2\/types\/page"}],"author":[{"embeddable":true,"href":"https:\/\/www.konstkluster.se\/konstforening\/wp-json\/wp\/v2\/users\/2"}],"replies":[{"embeddable":true,"href":"https:\/\/www.konstkluster.se\/konstforening\/wp-json\/wp\/v2\/comments?post=1455"}],"version-history":[{"count":22,"href":"https:\/\/www.konstkluster.se\/konstforening\/wp-json\/wp\/v2\/pages\/1455\/revisions"}],"predecessor-version":[{"id":1908,"href":"https:\/\/www.konstkluster.se\/konstforening\/wp-json\/wp\/v2\/pages\/1455\/revisions\/1908"}],"wp:attachment":[{"href":"https:\/\/www.konstkluster.se\/konstforening\/wp-json\/wp\/v2\/media?parent=1455"}],"curies":[{"name":"wp","href":"https:\/\/api.w.org\/{rel}","templated":true}]}}