{"id":1248,"date":"2018-02-13T15:35:23","date_gmt":"2018-02-13T14:35:23","guid":{"rendered":"http:\/\/www.konstkluster.se\/konstforening\/?page_id=1248"},"modified":"2018-02-26T20:51:31","modified_gmt":"2018-02-26T19:51:31","slug":"rembrandt-utstallning","status":"publish","type":"page","link":"https:\/\/www.konstkluster.se\/konstforening\/rembrandt-utstallning\/","title":{"rendered":"Rembrandt utst\u00e4llning"},"content":{"rendered":"<p>V\u00e4lkommen till ett bes\u00f6k p\u00e5 G\u00f6teborgs Konstmuseum.<\/p>\n<p>Vad vet du om Rembrandt? Mycket, lite, eller inget alls?\u00a0 Kom med oss och l\u00e4r dig lite mera om konstn\u00e4ren och hans verk!<\/p>\n<figure id=\"attachment_1251\" aria-describedby=\"caption-attachment-1251\" style=\"width: 660px\" class=\"wp-caption alignnone\"><a href=\"https:\/\/www.konstkluster.se\/konstforening\/wp-content\/uploads\/2018\/02\/Rembrandt-Batavernas-Trohetsed-Foto-Leif-Mattsson_10cm.jpg\"><img loading=\"lazy\" decoding=\"async\" class=\"wp-image-1251 size-large\" src=\"https:\/\/www.konstkluster.se\/konstforening\/wp-content\/uploads\/2018\/02\/Rembrandt-Batavernas-Trohetsed-Foto-Leif-Mattsson_10cm-1024x647.jpg\" alt=\"\" width=\"660\" height=\"417\" srcset=\"https:\/\/www.konstkluster.se\/konstforening\/wp-content\/uploads\/2018\/02\/Rembrandt-Batavernas-Trohetsed-Foto-Leif-Mattsson_10cm-1024x647.jpg 1024w, https:\/\/www.konstkluster.se\/konstforening\/wp-content\/uploads\/2018\/02\/Rembrandt-Batavernas-Trohetsed-Foto-Leif-Mattsson_10cm-300x190.jpg 300w, https:\/\/www.konstkluster.se\/konstforening\/wp-content\/uploads\/2018\/02\/Rembrandt-Batavernas-Trohetsed-Foto-Leif-Mattsson_10cm-768x485.jpg 768w, https:\/\/www.konstkluster.se\/konstforening\/wp-content\/uploads\/2018\/02\/Rembrandt-Batavernas-Trohetsed-Foto-Leif-Mattsson_10cm.jpg 1378w\" sizes=\"auto, (max-width: 660px) 100vw, 660px\" \/><\/a><figcaption id=\"caption-attachment-1251\" class=\"wp-caption-text\">Rembrandt van Rijn, Batavernas trohetsed till Claudius Civilis , 1661-1662. Foto: Leif Mattsson<\/figcaption><\/figure>\n<p>Just nu finns Rembrandts kanske mest k\u00e4nda verk \u201dBatavernas trohetsed\u201d utl\u00e5nad till G\u00f6teborgs konstmuseum. Vi kommer tr\u00e4ffa en guide som tar med oss runt konstmuseets Rembrandts utst\u00e4llning och ber\u00e4ttar om konstn\u00e4ren och hans m\u00e5lningar. Rundturen med guide tar c:a 45 min.<\/p>\n<p><strong>Tid:<\/strong>\u00a0onsdag 14 mars 2018 kl 18:00<br \/>\n<strong>Plats:<\/strong>\u00a0G\u00f6teborgs konstmuseum (G\u00f6taplatsen G\u00f6teborg, se <a href=\"https:\/\/www.google.se\/maps\/place\/G%C3%B6teborgs+konstmuseum\/@57.6964828,11.9784363,17z\/data=!3m1!4b1!4m5!3m4!1s0x464ff376a51ae353:0x485285d12d6302c5!8m2!3d57.69648!4d11.980625?hl=sv&amp;authuser=0\" target=\"_blank\" rel=\"noopener\">karta<\/a>)<br \/>\n<strong>Kostnad <\/strong>(betalas med\u00a0Swish eller\u00a0kontant direkt p\u00e5 plats)<strong>:<\/strong><br \/>\nMedlemmar: 80 SEK<br \/>\nIcke-medlemmar: 100 SEK<br \/>\nFritidskollen: gratis<\/p>\n<p><strong>Anm\u00e4lan &amp; \u00f6vrig info:<\/strong><br \/>\nSkriv ett\u00a0<a href=\"mailto:birene47@outlook.com\">mail<\/a>\u00a0eller ri<span style=\"color: #000000;\">ng till Ir\u00e9ne p\u00e5 tfn 0733-565611.<\/span><br \/>\nMax antal platser: 30 st<\/p>\n<p><strong>Alla, \u00e4ven icke medlemmar, h\u00e4lsas v\u00e4lkomna!<\/strong><\/p>\n<p>M\u00f6jligheter att fika finns p\u00e5 caf\u00e9et i anslutning till museet, f\u00f6r de som vill.<\/p>\n<p><a href=\"https:\/\/www.konstkluster.se\/konstforening\/wp-content\/uploads\/2015\/08\/FUlogoKV-Gbg.png\" rel=\"attachment wp-att-82\"><img loading=\"lazy\" decoding=\"async\" class=\"size-medium wp-image-82 alignleft\" src=\"https:\/\/www.konstkluster.se\/konstforening\/wp-content\/uploads\/2015\/08\/FUlogoKV-Gbg-300x37.png\" alt=\"Folkuniversitetet i G\u00f6teborg\" width=\"300\" height=\"37\" srcset=\"https:\/\/www.konstkluster.se\/konstforening\/wp-content\/uploads\/2015\/08\/FUlogoKV-Gbg-300x37.png 300w, https:\/\/www.konstkluster.se\/konstforening\/wp-content\/uploads\/2015\/08\/FUlogoKV-Gbg-825x105.png 825w, https:\/\/www.konstkluster.se\/konstforening\/wp-content\/uploads\/2015\/08\/FUlogoKV-Gbg.png 855w\" sizes=\"auto, (max-width: 300px) 100vw, 300px\" \/><\/a><\/p>\n<p><a href=\"https:\/\/www.konstkluster.se\/konstforening\/wp-content\/uploads\/2018\/02\/fritidskollen_logga.jpg\"><img loading=\"lazy\" decoding=\"async\" class=\"size-thumbnail wp-image-1233 alignnone\" src=\"https:\/\/www.konstkluster.se\/konstforening\/wp-content\/uploads\/2018\/02\/fritidskollen_logga-150x150.jpg\" alt=\"\" width=\"150\" height=\"150\" \/><\/a><\/p>\n<hr \/>\n","protected":false},"excerpt":{"rendered":"<p>V\u00e4lkommen till ett bes\u00f6k p\u00e5 G\u00f6teborgs Konstmuseum. Vad vet du om Rembrandt? Mycket, lite, eller inget alls?\u00a0 Kom med oss och l\u00e4r dig lite mera om konstn\u00e4ren och hans verk! Just nu finns Rembrandts kanske mest k\u00e4nda verk \u201dBatavernas trohetsed\u201d utl\u00e5nad till G\u00f6teborgs konstmuseum. Vi kommer tr\u00e4ffa en guide som tar med oss runt konstmuseets &hellip; <a href=\"https:\/\/www.konstkluster.se\/konstforening\/rembrandt-utstallning\/\" class=\"more-link\">Forts\u00e4tt l\u00e4sa <span class=\"screen-reader-text\">Rembrandt utst\u00e4llning<\/span><\/a><\/p>\n","protected":false},"author":2,"featured_media":0,"parent":0,"menu_order":0,"comment_status":"closed","ping_status":"closed","template":"","meta":{"footnotes":""},"class_list":["post-1248","page","type-page","status-publish","hentry"],"_links":{"self":[{"href":"https:\/\/www.konstkluster.se\/konstforening\/wp-json\/wp\/v2\/pages\/1248","targetHints":{"allow":["GET"]}}],"collection":[{"href":"https:\/\/www.konstkluster.se\/konstforening\/wp-json\/wp\/v2\/pages"}],"about":[{"href":"https:\/\/www.konstkluster.se\/konstforening\/wp-json\/wp\/v2\/types\/page"}],"author":[{"embeddable":true,"href":"https:\/\/www.konstkluster.se\/konstforening\/wp-json\/wp\/v2\/users\/2"}],"replies":[{"embeddable":true,"href":"https:\/\/www.konstkluster.se\/konstforening\/wp-json\/wp\/v2\/comments?post=1248"}],"version-history":[{"count":15,"href":"https:\/\/www.konstkluster.se\/konstforening\/wp-json\/wp\/v2\/pages\/1248\/revisions"}],"predecessor-version":[{"id":1305,"href":"https:\/\/www.konstkluster.se\/konstforening\/wp-json\/wp\/v2\/pages\/1248\/revisions\/1305"}],"wp:attachment":[{"href":"https:\/\/www.konstkluster.se\/konstforening\/wp-json\/wp\/v2\/media?parent=1248"}],"curies":[{"name":"wp","href":"https:\/\/api.w.org\/{rel}","templated":true}]}}