{"id":1228,"date":"2018-02-09T12:00:27","date_gmt":"2018-02-09T11:00:27","guid":{"rendered":"http:\/\/www.konstkluster.se\/konstforening\/?page_id=1228"},"modified":"2019-11-11T10:48:13","modified_gmt":"2019-11-11T09:48:13","slug":"arrangemang-2019","status":"publish","type":"page","link":"https:\/\/www.konstkluster.se\/konstforening\/arrangemang-2019\/","title":{"rendered":"Arrangemang 2019"},"content":{"rendered":"<p>2019 jan-feb Utst\u00e4llningshallen, \u00d6cker\u00f6 bibliotek<br \/>\n<a href=\"https:\/\/www.konstkluster.se\/konstforening\/konstutstallning-av-noaks-medlemmar\/\"><strong>Konstutst\u00e4llning<\/strong><\/a> av NOAKs medlemmar<\/p>\n<p>2019-02-06\u2013.. 4 st onsdagsf\u00f6rmiddagar i Atelj\u00e9 Eker\u00e5s, G\u00f6teborg<br \/>\n<a href=\"https:\/\/www.konstkluster.se\/konstforening\/kurs-i-olje-akrylmalning\/\"><strong>Kurs i olje-\/akrylm\u00e5lning<\/strong><\/a>\u00a0med Morgan Eker\u00e5s som kursledare<\/p>\n<p>2019-02-12 tisdag kl 10:00 \u00d6cker\u00f6 biblioteks nya lokaler<br \/>\n<a href=\"https:\/\/www.konstkluster.se\/konstforening\/presentation-av-noak-riktad-till-senior-sport-school\/\"><strong>Presentation av NOAK<\/strong><\/a> riktad till\u00a0 Senior Sport School<\/p>\n<p>2019-02-23 \u2014 .. 6 st l\u00f6rdagsf\u00f6rmiddagar p\u00e5 Hedens skola, H\u00f6n\u00f6<br \/>\n<a href=\"https:\/\/www.konstkluster.se\/konstforening\/teckna-mala-med-noak-vt-19\/\"><strong>Studiecirkel<\/strong><\/a>\u00a0Teckna &amp; m\u00e5la med NOAK<\/p>\n<p>2019-03-04 m\u00e5ndag kl 18:00 Nya Kroken i Kl\u00f4va<br \/>\n<a href=\"https:\/\/www.konstkluster.se\/konstforening\/arsmote-2019\/\"><strong>\u00c5rsm\u00f6te<\/strong><\/a><\/p>\n<p>2019-03-06\u2013.. 4 st onsdagsf\u00f6rmiddagar i Atelj\u00e9 Eker\u00e5s, G\u00f6teborg<br \/>\n<a href=\"https:\/\/www.konstkluster.se\/konstforening\/mala-i-akvarell\/\"><strong>Kurs i akvarellm\u00e5lning<\/strong><\/a>\u00a0med Morgan Eker\u00e5s som kursledare<\/p>\n<p>2019-03-14 torsdag kl 18:00 hemma hos Britt-Marie p\u00e5 \u00d6cker\u00f6<br \/>\n<a href=\"https:\/\/www.konstkluster.se\/konstforening\/ateljebesok-hos-brittmari-hagmarker\/\"><strong>Atelj\u00e9bes\u00f6k<\/strong>\u00a0<\/a>hos Britt-Marie Hagmarker<\/p>\n<p>2019-04-04 torsdag kl 16:00 Bor\u00e5s Textilmuseum<br \/>\n<a href=\"https:\/\/www.konstkluster.se\/konstforening\/utstallningen-balenciaga-shaping-fashion\/\"><strong>Utst\u00e4llning Balenciaga<\/strong><\/a> guidad tur<\/p>\n<p>2019-05-22 onsdag kl 18:00 H\u00f6n\u00f6 konsthall<br \/>\n<a href=\"https:\/\/www.konstkluster.se\/konstforening\/ateljebesok-hos-lena-nahlin\/\"><strong>Atelj\u00e9bes\u00f6k<\/strong><\/a>\u00a0hos Lena Nahlin<\/p>\n<p>2019-08-28 onsdag kl 18:00 H\u00f6n\u00f6 hembygdsg\u00e5rd<br \/>\n<a href=\"https:\/\/www.konstkluster.se\/konstforening\/fika-pa-hono-hembygdsgard\/\"><strong>Fikakv\u00e4ll med guidning<\/strong><\/a><\/p>\n<p>2019-08-31 \u2014 .. 5 st l\u00f6rdagsf\u00f6rmiddagar p\u00e5 Hedens skola, H\u00f6n\u00f6<br \/>\n<a href=\"https:\/\/www.konstkluster.se\/konstforening\/teckna-mala-med-noak-ht-19\/\"><strong>Studiecirkel<\/strong><\/a> Teckna &amp; m\u00e5la med NOAK<\/p>\n<p>2019-09-19 torsdag kl 18:00 Lenas atelj\u00e9 i Billdal<br \/>\n<a href=\"https:\/\/www.konstkluster.se\/konstforening\/ateljebesok-hos-lena-hedlund\/\"><strong>Atelj\u00e9bes\u00f6k<\/strong> <\/a>hos Lena Hedlund<\/p>\n<p>2019-10-02 onsdag kl 18:00\u00a0 The Art i H\u00f6n\u00f6 Kl\u00e5va<br \/>\n<a href=\"https:\/\/www.konstkluster.se\/konstforening\/ateljebesok-hos-hans-soderberg\/\"><strong>Atelj\u00e9bes\u00f6k<\/strong><\/a> hos Hans S\u00f6derberg<\/p>\n<p>2019-11-28 torsdag kl 17:00 Utst\u00e4llningshallen, \u00d6cker\u00f6 bibliotek<br \/>\n<strong><a href=\"https:\/\/www.konstkluster.se\/konstforening\/konstutlottningskvall-28-11-19-kl-1700\/\">Konstutlottningskv\u00e4ll<\/a><br \/>\n<\/strong><\/p>\n<p><a href=\"https:\/\/www.konstkluster.se\/konstforening\/wp-content\/uploads\/2015\/08\/FUlogoKV-Gbg.png\" rel=\"attachment wp-att-82\"><img loading=\"lazy\" decoding=\"async\" class=\"size-medium wp-image-82 alignleft\" src=\"https:\/\/www.konstkluster.se\/konstforening\/wp-content\/uploads\/2015\/08\/FUlogoKV-Gbg-300x37.png\" alt=\"Folkuniversitetet i G\u00f6teborg\" width=\"300\" height=\"37\" srcset=\"https:\/\/www.konstkluster.se\/konstforening\/wp-content\/uploads\/2015\/08\/FUlogoKV-Gbg-300x37.png 300w, https:\/\/www.konstkluster.se\/konstforening\/wp-content\/uploads\/2015\/08\/FUlogoKV-Gbg-825x105.png 825w, https:\/\/www.konstkluster.se\/konstforening\/wp-content\/uploads\/2015\/08\/FUlogoKV-Gbg.png 855w\" sizes=\"auto, (max-width: 300px) 100vw, 300px\" \/><\/a><\/p>\n<hr \/>\n","protected":false},"excerpt":{"rendered":"<p>2019 jan-feb Utst\u00e4llningshallen, \u00d6cker\u00f6 bibliotek Konstutst\u00e4llning av NOAKs medlemmar 2019-02-06\u2013.. 4 st onsdagsf\u00f6rmiddagar i Atelj\u00e9 Eker\u00e5s, G\u00f6teborg Kurs i olje-\/akrylm\u00e5lning\u00a0med Morgan Eker\u00e5s som kursledare 2019-02-12 tisdag kl 10:00 \u00d6cker\u00f6 biblioteks nya lokaler Presentation av NOAK riktad till\u00a0 Senior Sport School 2019-02-23 \u2014 .. 6 st l\u00f6rdagsf\u00f6rmiddagar p\u00e5 Hedens skola, H\u00f6n\u00f6 Studiecirkel\u00a0Teckna &amp; m\u00e5la med NOAK &hellip; <a href=\"https:\/\/www.konstkluster.se\/konstforening\/arrangemang-2019\/\" class=\"more-link\">Forts\u00e4tt l\u00e4sa <span class=\"screen-reader-text\">Arrangemang 2019<\/span><\/a><\/p>\n","protected":false},"author":2,"featured_media":0,"parent":0,"menu_order":0,"comment_status":"closed","ping_status":"closed","template":"","meta":{"footnotes":""},"class_list":["post-1228","page","type-page","status-publish","hentry"],"_links":{"self":[{"href":"https:\/\/www.konstkluster.se\/konstforening\/wp-json\/wp\/v2\/pages\/1228","targetHints":{"allow":["GET"]}}],"collection":[{"href":"https:\/\/www.konstkluster.se\/konstforening\/wp-json\/wp\/v2\/pages"}],"about":[{"href":"https:\/\/www.konstkluster.se\/konstforening\/wp-json\/wp\/v2\/types\/page"}],"author":[{"embeddable":true,"href":"https:\/\/www.konstkluster.se\/konstforening\/wp-json\/wp\/v2\/users\/2"}],"replies":[{"embeddable":true,"href":"https:\/\/www.konstkluster.se\/konstforening\/wp-json\/wp\/v2\/comments?post=1228"}],"version-history":[{"count":61,"href":"https:\/\/www.konstkluster.se\/konstforening\/wp-json\/wp\/v2\/pages\/1228\/revisions"}],"predecessor-version":[{"id":2354,"href":"https:\/\/www.konstkluster.se\/konstforening\/wp-json\/wp\/v2\/pages\/1228\/revisions\/2354"}],"wp:attachment":[{"href":"https:\/\/www.konstkluster.se\/konstforening\/wp-json\/wp\/v2\/media?parent=1228"}],"curies":[{"name":"wp","href":"https:\/\/api.w.org\/{rel}","templated":true}]}}