{"id":110,"date":"2015-12-27T12:37:15","date_gmt":"2015-12-27T11:37:15","guid":{"rendered":"http:\/\/konstforening.konstkluster.se\/?page_id=110"},"modified":"2021-10-07T13:52:51","modified_gmt":"2021-10-07T11:52:51","slug":"medlemskap","status":"publish","type":"page","link":"https:\/\/www.konstkluster.se\/konstforening\/medlemskap\/","title":{"rendered":"Medlem"},"content":{"rendered":"<p>V\u00e5ra medlemmar \u00e4r de f\u00f6rsta som f\u00e5r information om arrangemang som vi anordnar, vilket inneb\u00e4r att du som medlem ges m\u00f6jlighet att hinna boka din plats i aktiviteter med begr\u00e4nsat antal deltagare innan dessa tar slut. Som medlem f\u00e5r du \u00e4ven en lott i det konstlotteri vi anordnar i slutet av \u00e5ret.<\/p>\n<p>V\u00e5r f\u00f6rhoppning \u00e4r att s\u00e5v\u00e4l du som redan \u00e4r aktiv konstn\u00e4r, som du som f\u00f6rgyller din fritid med\u00a0kreativt skapande och du som enbart \u00e4r intresserad av att vistas i detta sammanhang och vill umg\u00e5s med andra som \u00e4r intresserade av konst och konsthantverk kommer att vilja vara med.<\/p>\n<p>Tack vare v\u00e5rt samarbete med Folkuniversitetet i G\u00f6teborg s\u00e5 hj\u00e4lper vi ocks\u00e5 g\u00e4rna till med att starta upp studiecirklar, f\u00f6r de medlemmar som \u00f6nskar f\u00f6rdjupa sig inom f\u00f6reningens intressesf\u00e4r.<\/p>\n<p>L\u00e4s g\u00e4rna igenom v\u00e5ra <a href=\"https:\/\/www.konstkluster.se\/konstforening\/stadgar\/\">stadgar <\/a>och v\u00e5r <a href=\"https:\/\/www.konstkluster.se\/konstforening\/noak-integritetspolicy\/\">integritetspolicy<\/a>.<\/p>\n<p>Medlemskap sker kalender\u00e5rsvis.<\/p>\n<p>V\u00e4lj n\u00e5got utav f\u00f6ljande 3 s\u00e4tt att bli medlem:<\/p>\n<ul>\n<li>Fyll i ett\u00a0<a href=\"https:\/\/www.konstkluster.se\/konstforening\/medlemsanmalan\/\">formul\u00e4r<\/a> on-line.<\/li>\n<li>Spara ner en <a href=\"https:\/\/www.konstkluster.se\/konstforening\/wp-content\/uploads\/2021\/03\/NOAK_anmalanMedlemskap_E-blankett_ver2021-03-21.docx\" class=\"mtli_attachment mtli_docx\">E-blankett<\/a>, \u00f6ppna och fyll i.<\/li>\n<li>Skriv ut en <a href=\"https:\/\/www.konstkluster.se\/konstforening\/wp-content\/uploads\/2021\/03\/NOAK_anmalanMedlemskap_E-blankett_ver2021-03-21-nuFIX_toPappersblankett-1.pdf\" class=\"mtli_attachment mtli_pdf\">blankett<\/a>, och fyll i den f\u00f6r hand.<\/li>\n<\/ul>\n<p>&#8230;och\u00a0betala in medlemsavgiften, v\u00e5ra olika inbetalningsalternativ finner du <a href=\"https:\/\/www.konstkluster.se\/konstforening\/inbetalning\/\">h\u00e4r<\/a>.<\/p>\n<p>Du kommer att b\u00f6rja f\u00e5 f\u00f6rhandsinbjudan till v\u00e5ra arrangemang, f\u00f6rst efter det att b\u00e5de medlemsblankett och inbetalning har inkommit till oss.<\/p>\n<p>Anm<br \/>\nVid inbetalning av medlemsavgift, skriv i meddelandef\u00e4ltet vad inbetalning g\u00e4ller. Skriv exempelvis: NOAK_\u00e5r2021_F\u00f6rnamnEfternamn<\/p>\n<hr \/>\n","protected":false},"excerpt":{"rendered":"<p>V\u00e5ra medlemmar \u00e4r de f\u00f6rsta som f\u00e5r information om arrangemang som vi anordnar, vilket inneb\u00e4r att du som medlem ges m\u00f6jlighet att hinna boka din plats i aktiviteter med begr\u00e4nsat antal deltagare innan dessa tar slut. Som medlem f\u00e5r du \u00e4ven en lott i det konstlotteri vi anordnar i slutet av \u00e5ret. V\u00e5r f\u00f6rhoppning \u00e4r &hellip; <a href=\"https:\/\/www.konstkluster.se\/konstforening\/medlemskap\/\" class=\"more-link\">Forts\u00e4tt l\u00e4sa <span class=\"screen-reader-text\">Medlem<\/span><\/a><\/p>\n","protected":false},"author":2,"featured_media":0,"parent":0,"menu_order":0,"comment_status":"closed","ping_status":"closed","template":"","meta":{"footnotes":""},"class_list":["post-110","page","type-page","status-publish","hentry"],"_links":{"self":[{"href":"https:\/\/www.konstkluster.se\/konstforening\/wp-json\/wp\/v2\/pages\/110","targetHints":{"allow":["GET"]}}],"collection":[{"href":"https:\/\/www.konstkluster.se\/konstforening\/wp-json\/wp\/v2\/pages"}],"about":[{"href":"https:\/\/www.konstkluster.se\/konstforening\/wp-json\/wp\/v2\/types\/page"}],"author":[{"embeddable":true,"href":"https:\/\/www.konstkluster.se\/konstforening\/wp-json\/wp\/v2\/users\/2"}],"replies":[{"embeddable":true,"href":"https:\/\/www.konstkluster.se\/konstforening\/wp-json\/wp\/v2\/comments?post=110"}],"version-history":[{"count":64,"href":"https:\/\/www.konstkluster.se\/konstforening\/wp-json\/wp\/v2\/pages\/110\/revisions"}],"predecessor-version":[{"id":2798,"href":"https:\/\/www.konstkluster.se\/konstforening\/wp-json\/wp\/v2\/pages\/110\/revisions\/2798"}],"wp:attachment":[{"href":"https:\/\/www.konstkluster.se\/konstforening\/wp-json\/wp\/v2\/media?parent=110"}],"curies":[{"name":"wp","href":"https:\/\/api.w.org\/{rel}","templated":true}]}}