{"id":49,"date":"2016-02-29T16:03:01","date_gmt":"2016-02-29T15:03:01","guid":{"rendered":"http:\/\/www.konstkluster.se\/?page_id=49"},"modified":"2025-10-12T15:00:57","modified_gmt":"2025-10-12T13:00:57","slug":"lite-historik","status":"publish","type":"page","link":"https:\/\/www.konstkluster.se\/?page_id=49","title":{"rendered":"Lite historik"},"content":{"rendered":"<p>Min id\u00e9\u00a0om ett Konstkluster b\u00f6rjade v\u00e4xa fram under 2011.<\/p>\n<p>Under 2012 diskuterade <a href=\"https:\/\/www.konstkluster.se\/?page_id=70\">jag<\/a> med \u00f6vriga kursdeltagare och kursledare om det skulle kunna finnas n\u00e5got s\u00e4tt att enkelt skapa en l\u00e4ttillg\u00e4nglig och trivsam tr\u00e4ffpunkt f\u00f6r konstn\u00e4rlig verksamhet av olika slag.<\/p>\n<p>Under 2013-2014 unders\u00f6kte jag hur f\u00f6rs\u00e4ljning av alster p\u00e5 Sintra, hyra av atelj\u00e9-yta p\u00e5 Konstepidemin och kursverksamhet vid\u00a0studief\u00f6rbunden fungerar, samt vilka former av ekonomiska bidrag som finns att s\u00f6ka och hur detta g\u00e5r till.<\/p>\n<p>I b\u00f6rjan av april 2014 h\u00f6r jag ett rykte om att en f\u00f6r mig intressant lokal nyligen har bytt \u00e4gare. Via mina kontakter p\u00e5 \u00d6cker\u00f6 kommun f\u00e5r jag kontaktuppgifterna till den nye \u00e4garen och ringer upp denne, p\u00e5b\u00f6rjar en dialog.<\/p>\n<p>I slutet av april 2014 ringde jag kultur- och fritidschef Ann-Britt Norlander p\u00e5 \u00d6cker\u00f6 kommun och ber\u00e4ttade om min id\u00e9. Detta ledde till ett intressant och givande m\u00f6te med kulturenheten i b\u00f6rjan av maj.<\/p>\n<p>Under maj 2014 hade jag turen att tr\u00e4ffa tre underbart h\u00e4rliga individer som blev intresserade av att tillsammans med mig f\u00f6rs\u00f6ka dra ig\u00e5ng ett Konstkluster. En utav dessa kommer att bli min oerh\u00f6rt v\u00e4rdefulla st\u00f6ttepelare och bollplank, detta var Margareta Frid och hennes stora engagemang har alltsedan dess varit en oerh\u00f6rd tillg\u00e5ng.<\/p>\n<p>Under sommaren 2014 gjorde jag ett mailutskick med en liten informationsfolder till deltagarna i \u00e5rets Konstv\u00e5gen i \u00d6cker\u00f6 kommun. Som ett signum f\u00f6r min id\u00e9 Konstkluster v\u00e4ljer jag ett foto p\u00e5 stenar i vatten, ett foto jag sj\u00e4lv tagit en solig eftermiddag p\u00e5 Lapposand tidigare i mars under samma v\u00e5r.<\/p>\n<p>I juli 2014 tog jag kontakt med Folkuniversitetet i G\u00f6teborg. De blev intresserade av att ekonomiskt st\u00f6tta och underl\u00e4tta f\u00f6rverkligandet av ett Konstkluster i G\u00f6teborgs norra sk\u00e4rg\u00e5rd.<\/p>\n<p>Tv\u00e5 av oss, Margareta och jag, presenterade id\u00e9n under Konstv\u00e5gens finissage p\u00e5 \u00d6cker\u00f6 bibliotek i augusti 2014.<\/p>\n<p>Under h\u00f6sten 2014 och v\u00e5ren 2015 <a href=\"https:\/\/www.konstkluster.se\/?page_id=247\">letade vi<\/a> intensivt efter en l\u00e4mplig lokal att starta i. V\u00e5r avsikt var att b\u00f6rja med n\u00e5gra mindre utst\u00e4llningar i kombination med uthyrning av delar av rum till atelj\u00e9er.<\/p>\n<p>Fr\u00e5n och med 1 januari 2015 f\u00e5r Konstkluster\u00a0ekonomiskt st\u00f6d fr\u00e5n Folkuniversitet i G\u00f6teborg f\u00f6r event och studiecirklar.<\/p>\n<p>Den 12 februari 2015 h\u00f6lls Konstklusters konstituerande m\u00f6te. F\u00f6reningens m\u00e5l\u00a0\u00e4r att utg\u00f6ra\u00a0ett kulturellt nav i G\u00f6teborgs norra sk\u00e4rg\u00e5rd.<\/p>\n<p>Under sportlovsveckan 2015 visar vi f\u00f6r allm\u00e4nheten upp den lokal, som vi hoppas p\u00e5 att kunna f\u00e5 hyra f\u00f6r v\u00e5r verksamhet fram\u00f6ver.<\/p>\n<p>4 mars 2015 skaffar jag dom\u00e4nen Konstkluster och b\u00f6rjar bygga upp en hemsida i WordPress.<\/p>\n<p>12 mars 2015 gav vi ett informationsm\u00f6te i utst\u00e4llningshallen p\u00e5 \u00d6cker\u00f6 bibliotek.<\/p>\n<p>Den 4 maj 2015 fick vi besked fr\u00e5n Lokala skattemyndigheten om att v\u00e5r f\u00f6rening blivit registrerad och ett organisationsnummer.<\/p>\n<p>Under sommaren 2015 besl\u00f6t vi att avvakta med att leta en lokal f\u00f6r Konstkluster och i st\u00e4llet fokusera p\u00e5 att starta\u00a0<a href=\"https:\/\/www.konstkluster.se\/konstforening\/\" target=\"_blank\" rel=\"noopener\">en allm\u00e4n konstf\u00f6rening<\/a> (sedermera NOAK).<\/p>\n<p style=\"text-align: center;\"><strong>~ ~ ~<\/strong><\/p>\n<p>En utf\u00f6rligare beskrivning av vilka som deltagit i detta roliga arbete, finns <a href=\"https:\/\/www.konstkluster.se\/konstforening\/tidigare-ars-styrelser\/\" target=\"_blank\" rel=\"noopener\">h\u00e4r<\/a>. (omv\u00e4nd kronologisk ordning)<\/p>\n","protected":false},"excerpt":{"rendered":"<p>Min id\u00e9\u00a0om ett Konstkluster b\u00f6rjade v\u00e4xa fram under 2011. Under 2012 diskuterade jag med \u00f6vriga kursdeltagare och kursledare om det skulle kunna finnas n\u00e5got s\u00e4tt att enkelt skapa en l\u00e4ttillg\u00e4nglig och trivsam tr\u00e4ffpunkt f\u00f6r konstn\u00e4rlig verksamhet av olika slag. Under 2013-2014 unders\u00f6kte jag hur f\u00f6rs\u00e4ljning av alster p\u00e5 Sintra, hyra av atelj\u00e9-yta p\u00e5 Konstepidemin och &hellip; <a href=\"https:\/\/www.konstkluster.se\/?page_id=49\" class=\"more-link\">Forts\u00e4tt l\u00e4sa <span class=\"screen-reader-text\">Lite historik<\/span><\/a><\/p>\n","protected":false},"author":2,"featured_media":0,"parent":0,"menu_order":0,"comment_status":"closed","ping_status":"closed","template":"","meta":{"footnotes":""},"class_list":["post-49","page","type-page","status-publish","hentry"],"_links":{"self":[{"href":"https:\/\/www.konstkluster.se\/index.php?rest_route=\/wp\/v2\/pages\/49","targetHints":{"allow":["GET"]}}],"collection":[{"href":"https:\/\/www.konstkluster.se\/index.php?rest_route=\/wp\/v2\/pages"}],"about":[{"href":"https:\/\/www.konstkluster.se\/index.php?rest_route=\/wp\/v2\/types\/page"}],"author":[{"embeddable":true,"href":"https:\/\/www.konstkluster.se\/index.php?rest_route=\/wp\/v2\/users\/2"}],"replies":[{"embeddable":true,"href":"https:\/\/www.konstkluster.se\/index.php?rest_route=%2Fwp%2Fv2%2Fcomments&post=49"}],"version-history":[{"count":36,"href":"https:\/\/www.konstkluster.se\/index.php?rest_route=\/wp\/v2\/pages\/49\/revisions"}],"predecessor-version":[{"id":370,"href":"https:\/\/www.konstkluster.se\/index.php?rest_route=\/wp\/v2\/pages\/49\/revisions\/370"}],"wp:attachment":[{"href":"https:\/\/www.konstkluster.se\/index.php?rest_route=%2Fwp%2Fv2%2Fmedia&parent=49"}],"curies":[{"name":"wp","href":"https:\/\/api.w.org\/{rel}","templated":true}]}}